Last updated on 2024-05-01 22:56:25 CEST.
Flavor | Version | Tinstall | Tcheck | Ttotal | Status | Flags |
---|---|---|---|---|---|---|
r-devel-linux-x86_64-debian-clang | 1.0.4 | 50.08 | 64.49 | 114.57 | NOTE | |
r-devel-linux-x86_64-debian-gcc | 1.0.4 | 42.96 | 46.54 | 89.50 | NOTE | |
r-devel-linux-x86_64-fedora-clang | 1.0.4 | 153.15 | NOTE | |||
r-devel-linux-x86_64-fedora-gcc | 1.0.4 | 158.23 | NOTE | |||
r-devel-windows-x86_64 | 1.0.4 | 43.00 | 90.00 | 133.00 | NOTE | |
r-patched-linux-x86_64 | 1.0.4 | 55.93 | 59.92 | 115.85 | NOTE | |
r-release-linux-x86_64 | 1.0.4 | 54.74 | 59.65 | 114.39 | NOTE | |
r-release-macos-arm64 | 1.0.4 | 42.00 | NOTE | |||
r-release-windows-x86_64 | 1.0.4 | 43.00 | 90.00 | 133.00 | NOTE | |
r-oldrel-macos-arm64 | 1.0.4 | 47.00 | NOTE | |||
r-oldrel-macos-x86_64 | 1.0.4 | 77.00 | NOTE | |||
r-oldrel-windows-x86_64 | 1.0.4 | 54.00 | 99.00 | 153.00 | NOTE |
Version: 1.0.4
Check: C++ specification
Result: NOTE
Specified C++11: please drop specification unless essential
Flavors: r-devel-linux-x86_64-debian-clang, r-devel-linux-x86_64-debian-gcc, r-devel-linux-x86_64-fedora-clang, r-devel-linux-x86_64-fedora-gcc, r-devel-windows-x86_64, r-patched-linux-x86_64, r-release-linux-x86_64, r-release-macos-arm64, r-release-windows-x86_64, r-oldrel-macos-arm64, r-oldrel-macos-x86_64, r-oldrel-windows-x86_64
Version: 1.0.4
Check: installed package size
Result: NOTE
installed size is 5.3Mb
sub-directories of 1Mb or more:
libs 5.1Mb
Flavors: r-release-macos-arm64, r-oldrel-macos-arm64, r-oldrel-macos-x86_64