Last updated on 2023-10-04 00:01:55 CEST.
Flavor | Version | Tinstall | Tcheck | Ttotal | Status | Flags |
---|---|---|---|---|---|---|
r-devel-linux-x86_64-debian-clang | 0.1.1 | 40.29 | 405.04 | 445.33 | OK | |
r-devel-linux-x86_64-debian-gcc | 0.1.1 | 35.45 | 296.55 | 332.00 | OK | |
r-devel-linux-x86_64-fedora-clang | 0.1.1 | 553.38 | NOTE | |||
r-devel-linux-x86_64-fedora-gcc | 0.1.1 | 550.08 | NOTE | |||
r-devel-windows-x86_64 | 0.1.1 | 38.00 | 288.00 | 326.00 | OK | |
r-patched-linux-x86_64 | 0.1.1 | 33.65 | 375.79 | 409.44 | OK | |
r-release-linux-x86_64 | 0.1.1 | 40.05 | 379.60 | 419.65 | OK | |
r-release-macos-arm64 | 0.1.1 | 138.00 | OK | |||
r-release-macos-x86_64 | 0.1.1 | 272.00 | OK | |||
r-release-windows-x86_64 | 0.1.1 | 52.00 | 364.00 | 416.00 | OK | |
r-oldrel-macos-arm64 | 0.1.1 | 135.00 | NOTE | |||
r-oldrel-macos-x86_64 | 0.1.1 | 239.00 | NOTE | |||
r-oldrel-windows-x86_64 | 0.1.1 | 55.00 | 319.00 | 374.00 | OK |
Version: 0.1.1
Check: dependencies in R code
Result: NOTE
Namespaces in Imports field not imported from:
‘base’ ‘grDevices’
All declared Imports should be used.
Flavors: r-devel-linux-x86_64-fedora-clang, r-devel-linux-x86_64-fedora-gcc, r-oldrel-macos-arm64, r-oldrel-macos-x86_64