CRAN Package Check Results for Package PRIMME

Last updated on 2018-07-16 22:52:24 CEST.

Flavor Version Tinstall Tcheck Ttotal Status Flags
r-devel-linux-x86_64-debian-clang 2.2-0 41.96 27.14 69.10 OK
r-devel-linux-x86_64-debian-gcc 2.2-0 33.29 23.95 57.24 OK
r-devel-linux-x86_64-fedora-clang 2.2-0 88.80 OK
r-devel-linux-x86_64-fedora-gcc 2.2-0 87.07 WARN
r-devel-windows-ix86+x86_64 2.2-0 122.00 68.00 190.00 OK
r-patched-linux-x86_64 2.2-0 41.82 27.99 69.81 OK
r-patched-solaris-x86 2.2-0 109.40 OK
r-release-linux-x86_64 2.2-0 39.69 27.82 67.51 OK
r-release-windows-ix86+x86_64 2.2-0 122.00 89.00 211.00 OK
r-release-osx-x86_64 2.2-0 OK
r-oldrel-windows-ix86+x86_64 2.2-0 86.00 89.00 175.00 OK
r-oldrel-osx-x86_64 2.2-0 OK

Check Details

Version: 2.2-0
Check: whether package can be installed
Result: WARN
    Found the following significant warnings:
     zhegv.c:216:27: warning: ‘strncpy’ specified bound 2 equals destination size [-Wstringop-truncation]
     zhegv.c:216:27: warning: ‘strncpy’ specified bound 3 equals destination size [-Wstringop-truncation]
Flavor: r-devel-linux-x86_64-fedora-gcc