CRAN Package Check Results for Package PRIMME

Last updated on 2018-10-16 22:56:29 CEST.

Flavor Version Tinstall Tcheck Ttotal Status Flags
r-devel-linux-x86_64-debian-clang 2.2-0 42.03 30.74 72.77 OK
r-devel-linux-x86_64-debian-gcc 2.2-0 33.32 25.02 58.34 WARN
r-devel-linux-x86_64-fedora-clang 2.2-0 95.96 OK
r-devel-linux-x86_64-fedora-gcc 2.2-0 88.38 WARN
r-devel-windows-ix86+x86_64 2.2-0 120.00 85.00 205.00 OK
r-patched-linux-x86_64 2.2-0 43.04 27.55 70.59 WARN
r-patched-solaris-x86 2.2-0 103.80 OK
r-release-linux-x86_64 2.2-0 40.41 27.92 68.33 WARN
r-release-windows-ix86+x86_64 2.2-0 95.00 87.00 182.00 OK
r-release-osx-x86_64 2.2-0 OK
r-oldrel-windows-ix86+x86_64 2.2-0 119.00 66.00 185.00 OK
r-oldrel-osx-x86_64 2.2-0 OK

Check Details

Version: 2.2-0
Check: whether package can be installed
Result: WARN
    Found the following significant warnings:
     zhegv.c:216:27: warning: ‘strncpy’ specified bound 2 equals destination size [-Wstringop-truncation]
     zhegv.c:216:27: warning: ‘strncpy’ specified bound 3 equals destination size [-Wstringop-truncation]
Flavors: r-devel-linux-x86_64-debian-gcc, r-devel-linux-x86_64-fedora-gcc, r-patched-linux-x86_64, r-release-linux-x86_64