CRAN Package Check Results for Package PReMiuM

Last updated on 2017-11-19 22:49:34.

Flavor Version Tinstall Tcheck Ttotal Status Flags
r-devel-linux-x86_64-debian-clang 3.1.6 42.86 33.28 76.14 OK
r-devel-linux-x86_64-debian-gcc 3.1.6 41.66 62.96 104.62 OK
r-devel-linux-x86_64-fedora-clang 3.1.6 146.05 NOTE
r-devel-linux-x86_64-fedora-gcc 3.1.6 179.61 NOTE
r-devel-windows-ix86+x86_64 3.1.6 110.00 97.00 207.00 OK
r-patched-linux-x86_64 3.1.6 41.89 34.39 76.28 OK
r-patched-solaris-x86 3.1.6 143.10 OK
r-release-linux-x86_64 3.1.6 41.05 34.47 75.51 OK
r-release-windows-ix86+x86_64 3.1.6 151.00 123.00 274.00 OK
r-release-osx-x86_64 3.1.6 NOTE
r-oldrel-windows-ix86+x86_64 3.1.4 134.00 103.00 237.00 OK
r-oldrel-osx-x86_64 3.1.6 ERROR

Additional issues

gcc-UBSAN

Check Details

Version: 3.1.6
Check: installed package size
Result: NOTE
     installed size is 13.5Mb
     sub-directories of 1Mb or more:
     libs 13.3Mb
Flavors: r-devel-linux-x86_64-fedora-clang, r-devel-linux-x86_64-fedora-gcc, r-release-osx-x86_64

Version: 3.1.6
Check: whether package can be installed
Result: ERROR
    Installation failed.
Flavor: r-oldrel-osx-x86_64