CRAN Package Check Results for Package PReMiuM

Last updated on 2018-10-16 22:56:29 CEST.

Flavor Version Tinstall Tcheck Ttotal Status Flags
r-devel-linux-x86_64-debian-clang 3.2.1 73.38 126.93 200.31 OK
r-devel-linux-x86_64-debian-gcc 3.2.1 64.76 102.59 167.35 OK
r-devel-linux-x86_64-fedora-clang 3.2.1 259.87 NOTE
r-devel-linux-x86_64-fedora-gcc 3.2.1 245.21 OK
r-devel-windows-ix86+x86_64 3.2.1 156.00 269.00 425.00 OK
r-patched-linux-x86_64 3.2.1 72.88 108.64 181.52 OK
r-patched-solaris-x86 3.2.1 290.00 OK
r-release-linux-x86_64 3.2.1 78.01 108.31 186.32 OK
r-release-windows-ix86+x86_64 3.2.1 175.00 249.00 424.00 OK
r-release-osx-x86_64 3.2.1 NOTE
r-oldrel-windows-ix86+x86_64 3.2.1 154.00 232.00 386.00 OK
r-oldrel-osx-x86_64 3.2.1 NOTE

Check Details

Version: 3.2.1
Check: installed package size
Result: NOTE
     installed size is 14.4Mb
     sub-directories of 1Mb or more:
     libs 14.0Mb
Flavors: r-devel-linux-x86_64-fedora-clang, r-release-osx-x86_64, r-oldrel-osx-x86_64