CRAN Package Check Results for Package PReMiuM

Last updated on 2018-07-17 22:50:50 CEST.

Flavor Version Tinstall Tcheck Ttotal Status Flags
r-devel-linux-x86_64-debian-clang 3.2.0 63.20 62.17 125.37 OK
r-devel-linux-x86_64-debian-gcc 3.2.0 50.66 48.15 98.81 OK
r-devel-linux-x86_64-fedora-clang 3.2.0 165.87 NOTE
r-devel-linux-x86_64-fedora-gcc 3.2.0 163.08 OK
r-devel-windows-ix86+x86_64 3.2.0 157.00 101.00 258.00 OK
r-patched-linux-x86_64 3.2.0 63.05 56.63 119.68 OK
r-patched-solaris-x86 3.2.0 166.40 OK
r-release-linux-x86_64 3.2.0 60.27 57.96 118.23 OK
r-release-windows-ix86+x86_64 3.2.0 154.00 142.00 296.00 OK
r-release-osx-x86_64 3.2.0 NOTE
r-oldrel-windows-ix86+x86_64 3.2.0 106.00 158.00 264.00 OK
r-oldrel-osx-x86_64 3.2.0 NOTE

Check Details

Version: 3.2.0
Check: installed package size
Result: NOTE
     installed size is 13.9Mb
     sub-directories of 1Mb or more:
     libs 13.5Mb
Flavors: r-devel-linux-x86_64-fedora-clang, r-release-osx-x86_64, r-oldrel-osx-x86_64