Last updated on 2024-04-17 23:00:03 CEST.
Flavor | Version | Tinstall | Tcheck | Ttotal | Status | Flags |
---|---|---|---|---|---|---|
r-devel-linux-x86_64-debian-clang | 3.2.13 | 108.27 | 112.34 | 220.61 | OK | |
r-devel-linux-x86_64-debian-gcc | 3.2.13 | 88.11 | 84.95 | 173.06 | OK | |
r-devel-linux-x86_64-fedora-clang | 3.2.13 | 268.71 | OK | |||
r-devel-linux-x86_64-fedora-gcc | 3.2.13 | 292.29 | OK | |||
r-prerel-macos-arm64 | 3.2.13 | 66.00 | NOTE | |||
r-prerel-windows-x86_64 | 3.2.13 | 73.00 | 111.00 | 184.00 | OK | |
r-patched-linux-x86_64 | 3.2.13 | 104.23 | 109.21 | 213.44 | OK | |
r-release-linux-x86_64 | 3.2.13 | 105.73 | 111.25 | 216.98 | OK | |
r-release-macos-arm64 | 3.2.13 | 69.00 | NOTE | |||
r-release-macos-x86_64 | 3.2.13 | 185.00 | NOTE | |||
r-release-windows-x86_64 | 3.2.13 | 94.00 | 145.00 | 239.00 | OK | |
r-oldrel-macos-arm64 | 3.2.13 | 75.00 | NOTE | |||
r-oldrel-windows-x86_64 | 3.2.13 | 92.00 | 144.00 | 236.00 | OK |
Version: 3.2.13
Check: installed package size
Result: NOTE
installed size is 21.1Mb
sub-directories of 1Mb or more:
libs 20.7Mb
Flavors: r-prerel-macos-arm64, r-release-macos-arm64, r-release-macos-x86_64, r-oldrel-macos-arm64