CRAN Package Check Results for Package PSAboot

Last updated on 2024-02-22 21:51:49 CET.

Flavor Version Tinstall Tcheck Ttotal Status Flags
r-devel-linux-x86_64-debian-clang 1.3.8 OK
r-devel-linux-x86_64-debian-gcc 1.3.8 13.03 175.85 188.88 OK
r-devel-linux-x86_64-fedora-clang 1.3.8 315.58 NOTE
r-devel-linux-x86_64-fedora-gcc 1.3.8 332.96 NOTE
r-devel-windows-x86_64 1.3.8 16.00 191.00 207.00 NOTE
r-patched-linux-x86_64 1.3.8 26.40 226.28 252.68 OK
r-release-linux-x86_64 1.3.8 12.93 233.22 246.15 OK
r-release-macos-arm64 1.3.8 82.00 NOTE
r-release-macos-x86_64 1.3.8 142.00 NOTE
r-release-windows-x86_64 1.3.8 20.00 239.00 259.00 NOTE
r-oldrel-macos-arm64 1.3.8 92.00 NOTE
r-oldrel-windows-x86_64 1.3.8 22.00 234.00 256.00 NOTE

Check Details

Version: 1.3.8
Check: installed package size
Result: NOTE installed size is 6.3Mb sub-directories of 1Mb or more: doc 5.6Mb Flavors: r-devel-linux-x86_64-fedora-clang, r-devel-windows-x86_64, r-release-macos-arm64, r-release-macos-x86_64, r-release-windows-x86_64, r-oldrel-macos-arm64, r-oldrel-windows-x86_64

Version: 1.3.8
Check: data for non-ASCII characters
Result: NOTE Note: found 4 marked UTF-8 strings Flavors: r-devel-linux-x86_64-fedora-clang, r-devel-linux-x86_64-fedora-gcc