Last updated on 2024-04-19 22:55:58 CEST.
Flavor | Version | Tinstall | Tcheck | Ttotal | Status | Flags |
---|---|---|---|---|---|---|
r-devel-linux-x86_64-debian-clang | 1.3.8 | 15.69 | 287.62 | 303.31 | OK | |
r-devel-linux-x86_64-debian-gcc | 1.3.8 | OK | ||||
r-devel-linux-x86_64-fedora-clang | 1.3.8 | 376.50 | NOTE | |||
r-devel-linux-x86_64-fedora-gcc | 1.3.8 | 311.63 | NOTE | |||
r-prerel-macos-arm64 | 1.3.8 | 82.00 | NOTE | |||
r-prerel-windows-x86_64 | 1.3.8 | 16.00 | 193.00 | 209.00 | NOTE | |
r-patched-linux-x86_64 | 1.3.8 | 20.56 | 275.85 | 296.41 | OK | |
r-release-linux-x86_64 | 1.3.8 | 15.64 | 277.77 | 293.41 | OK | |
r-release-macos-arm64 | 1.3.8 | 82.00 | NOTE | |||
r-release-macos-x86_64 | 1.3.8 | 142.00 | NOTE | |||
r-release-windows-x86_64 | 1.3.8 | 21.00 | 240.00 | 261.00 | NOTE | |
r-oldrel-macos-arm64 | 1.3.8 | 92.00 | NOTE | |||
r-oldrel-windows-x86_64 | 1.3.8 | 22.00 | 239.00 | 261.00 | NOTE |
Version: 1.3.8
Check: installed package size
Result: NOTE
installed size is 6.3Mb
sub-directories of 1Mb or more:
doc 5.6Mb
Flavors: r-devel-linux-x86_64-fedora-clang, r-prerel-macos-arm64, r-prerel-windows-x86_64, r-release-macos-arm64, r-release-macos-x86_64, r-release-windows-x86_64, r-oldrel-macos-arm64, r-oldrel-windows-x86_64
Version: 1.3.8
Check: data for non-ASCII characters
Result: NOTE
Note: found 4 marked UTF-8 strings
Flavors: r-devel-linux-x86_64-fedora-clang, r-devel-linux-x86_64-fedora-gcc