CRAN Package Check Results for Package PSAgraphics

Last updated on 2024-03-01 22:53:46 CET.

Flavor Version Tinstall Tcheck Ttotal Status Flags
r-devel-linux-x86_64-debian-clang 2.1.2 4.61 53.23 57.84 NOTE
r-devel-linux-x86_64-debian-gcc 2.1.2 3.24 38.84 42.08 NOTE
r-devel-linux-x86_64-fedora-clang 2.1.2 69.52 NOTE
r-devel-linux-x86_64-fedora-gcc 2.1.2 71.18 NOTE
r-devel-windows-x86_64 2.1.2 5.00 67.00 72.00 NOTE
r-patched-linux-x86_64 2.1.2 3.22 51.11 54.33 OK
r-release-linux-x86_64 2.1.2 2.89 50.27 53.16 OK
r-release-macos-arm64 2.1.2 31.00 OK
r-release-macos-x86_64 2.1.2 39.00 OK
r-release-windows-x86_64 2.1.2 4.00 70.00 74.00 OK
r-oldrel-macos-arm64 2.1.2 28.00 OK
r-oldrel-windows-x86_64 2.1.2 5.00 71.00 76.00 OK

Check Details

Version: 2.1.2
Check: Rd metadata
Result: NOTE Invalid package aliases in Rd file 'granova-package.Rd': ‘granova-package’ Flavors: r-devel-linux-x86_64-debian-clang, r-devel-linux-x86_64-debian-gcc, r-devel-linux-x86_64-fedora-clang, r-devel-linux-x86_64-fedora-gcc, r-devel-windows-x86_64