Last updated on 2024-05-03 22:53:21 CEST.
Flavor | Version | Tinstall | Tcheck | Ttotal | Status | Flags |
---|---|---|---|---|---|---|
r-devel-linux-x86_64-debian-clang | 0.0.1 | 3.35 | 453.44 | 456.79 | NOTE | |
r-devel-linux-x86_64-fedora-clang | 0.0.1 | 512.44 | NOTE | |||
r-devel-linux-x86_64-fedora-gcc | 0.0.1 | 546.63 | NOTE | |||
r-devel-windows-x86_64 | 0.0.1 | 4.00 | 92067.00 | 92071.00 | NOTE | |
r-patched-linux-x86_64 | 0.0.1 | 4.08 | 415.90 | 419.98 | NOTE | |
r-release-linux-x86_64 | 0.0.1 | 2.54 | 419.65 | 422.19 | NOTE | |
r-release-macos-arm64 | 0.0.1 | 131.00 | NOTE | |||
r-release-windows-x86_64 | 0.0.1 | 4.00 | 257.00 | 261.00 | NOTE | |
r-oldrel-macos-arm64 | 0.0.1 | 181.00 | OK | |||
r-oldrel-macos-x86_64 | 0.0.1 | 383.00 | OK | |||
r-oldrel-windows-x86_64 | 0.0.1 | 3.00 | 363.00 | 366.00 | OK |
Version: 0.0.1
Check: Rd files
Result: NOTE
checkRd: (-1) table1.Rd:14: Lost braces
14 | The first data set from {Sulewski, P. (2017) \emph{A new test for independence in 2x2 contingency tables,} Acta Universitatis Lodziensis. Folia Oeconomica, 4(330), 55–75}
| ^
checkRd: (-1) table3.Rd:14: Lost braces
14 | The third data set from {Sulewski, P. (2021). \emph{Logarithmic Minimum Test for Independence in Three Way Con-tingency Table of Small Sizes.} Journal of Statistical Computation and Simulation 91(13), 2780-2799}
| ^
Flavors: r-devel-linux-x86_64-debian-clang, r-devel-linux-x86_64-fedora-clang, r-devel-linux-x86_64-fedora-gcc, r-devel-windows-x86_64, r-patched-linux-x86_64, r-release-linux-x86_64, r-release-macos-arm64, r-release-windows-x86_64