Last updated on 2024-04-19 22:55:58 CEST.
Flavor | Version | Tinstall | Tcheck | Ttotal | Status | Flags |
---|---|---|---|---|---|---|
r-devel-linux-x86_64-debian-clang | 0.2.0 | 6.40 | 49.65 | 56.05 | OK | |
r-devel-linux-x86_64-debian-gcc | 0.2.0 | OK | ||||
r-devel-linux-x86_64-fedora-clang | 0.2.0 | 73.01 | NOTE | |||
r-devel-linux-x86_64-fedora-gcc | 0.2.0 | 67.80 | NOTE | |||
r-prerel-macos-arm64 | 0.2.0 | 27.00 | NOTE | |||
r-prerel-windows-x86_64 | 0.2.0 | 9.00 | 58.00 | 67.00 | OK | |
r-patched-linux-x86_64 | 0.2.0 | 8.69 | 48.02 | 56.71 | OK | |
r-release-linux-x86_64 | 0.2.0 | 8.57 | 46.86 | 55.43 | OK | |
r-release-macos-arm64 | 0.2.0 | 27.00 | NOTE | |||
r-release-macos-x86_64 | 0.2.0 | 40.00 | NOTE | |||
r-release-windows-x86_64 | 0.2.0 | 12.00 | 63.00 | 75.00 | OK | |
r-oldrel-macos-arm64 | 0.2.0 | 27.00 | NOTE | |||
r-oldrel-windows-x86_64 | 0.2.0 | 12.00 | 68.00 | 80.00 | OK |
Version: 0.2.0
Check: data for non-ASCII characters
Result: NOTE
Note: found 26 marked Latin-1 strings
Flavors: r-devel-linux-x86_64-fedora-clang, r-devel-linux-x86_64-fedora-gcc, r-oldrel-macos-arm64
Version: 0.2.0
Check: installed package size
Result: NOTE
installed size is 5.0Mb
sub-directories of 1Mb or more:
data 4.9Mb
Flavors: r-prerel-macos-arm64, r-release-macos-arm64, r-release-macos-x86_64, r-oldrel-macos-arm64