CRAN Package Check Results for Package PSPManalysis

Last updated on 2024-06-13 22:49:40 CEST.

Flavor Version Tinstall Tcheck Ttotal Status Flags
r-devel-linux-x86_64-debian-clang 0.3.9 5.16 140.25 145.41 OK
r-devel-linux-x86_64-debian-gcc 0.3.9 3.99 40.62 44.61 ERROR
r-devel-linux-x86_64-fedora-clang 0.3.9 169.90 OK
r-devel-linux-x86_64-fedora-gcc 0.3.9 200.03 OK
r-devel-windows-x86_64 0.3.9 7.00 161.00 168.00 OK
r-patched-linux-x86_64 0.3.9 5.15 137.48 142.63 OK
r-release-linux-x86_64 0.3.9 5.93 144.10 150.03 OK
r-release-macos-arm64 0.3.9 63.00 OK
r-release-macos-x86_64 0.3.9 81.00 OK
r-release-windows-x86_64 0.3.9 7.00 161.00 168.00 OK
r-oldrel-macos-arm64 0.3.9 61.00 OK
r-oldrel-macos-x86_64 0.3.9 94.00 OK
r-oldrel-windows-x86_64 0.3.9 9.00 172.00 181.00 OK

Check Details

Version: 0.3.9
Check: package dependencies
Result: NOTE Package suggested but not available for checking: ‘testthat’ Flavor: r-devel-linux-x86_64-debian-gcc

Version: 0.3.9
Check: tests
Result: ERROR Running ‘testthat.R’ [0s/1s] Running the tests in ‘tests/testthat.R’ failed. Complete output: > library(testthat) Error in library(testthat) : there is no package called 'testthat' Execution halted Flavor: r-devel-linux-x86_64-debian-gcc