Last updated on 2023-06-09 22:58:35 CEST.
Flavor | Version | Tinstall | Tcheck | Ttotal | Status | Flags |
---|---|---|---|---|---|---|
r-devel-linux-x86_64-debian-clang | 0.2.4 | 5.48 | 80.53 | 86.01 | OK | |
r-devel-linux-x86_64-debian-gcc | 0.2.4 | 4.51 | 58.67 | 63.18 | OK | |
r-devel-linux-x86_64-fedora-clang | 0.2.4 | 101.62 | NOTE | |||
r-devel-linux-x86_64-fedora-gcc | 0.2.4 | 109.28 | OK | |||
r-devel-windows-x86_64 | 0.2.4 | 9.00 | 86.00 | 95.00 | OK | |
r-patched-linux-x86_64 | 0.2.4 | 5.66 | 75.24 | 80.90 | OK | |
r-release-linux-x86_64 | 0.2.4 | 4.83 | 76.46 | 81.29 | OK | |
r-release-macos-arm64 | 0.2.4 | 39.00 | OK | |||
r-release-macos-x86_64 | 0.2.4 | 63.00 | OK | |||
r-release-windows-x86_64 | 0.2.4 | 6.00 | 96.00 | 102.00 | OK | |
r-oldrel-macos-arm64 | 0.2.4 | 33.00 | OK | |||
r-oldrel-macos-x86_64 | 0.2.4 | 42.00 | OK | |||
r-oldrel-windows-x86_64 | 0.2.4 | 9.00 | 94.00 | 103.00 | OK |
Version: 0.2.4
Check: Rd cross-references
Result: NOTE
Undeclared package ‘entropy’ in Rd xrefs
Flavor: r-devel-linux-x86_64-fedora-clang