Last updated on 2024-04-17 23:00:01 CEST.
Flavor | Version | Tinstall | Tcheck | Ttotal | Status | Flags |
---|---|---|---|---|---|---|
r-devel-linux-x86_64-debian-clang | 0.1.1 | 26.67 | 35.38 | 62.05 | NOTE | |
r-devel-linux-x86_64-debian-gcc | 0.1.1 | 24.27 | 27.51 | 51.78 | NOTE | |
r-devel-linux-x86_64-fedora-clang | 0.1.1 | 86.61 | NOTE | |||
r-devel-linux-x86_64-fedora-gcc | 0.1.1 | 84.66 | NOTE | |||
r-prerel-macos-arm64 | 0.1.1 | 37.00 | NOTE | |||
r-prerel-windows-x86_64 | 0.1.1 | 25.00 | 53.00 | 78.00 | NOTE | |
r-patched-linux-x86_64 | 0.1.1 | 28.78 | 34.73 | 63.51 | NOTE | |
r-release-linux-x86_64 | 0.1.1 | 27.95 | 33.80 | 61.75 | OK | |
r-release-macos-arm64 | 0.1.1 | 39.00 | OK | |||
r-release-macos-x86_64 | 0.1.1 | 54.00 | OK | |||
r-release-windows-x86_64 | 0.1.1 | 24.00 | 53.00 | 77.00 | OK | |
r-oldrel-macos-arm64 | 0.1.1 | 41.00 | OK | |||
r-oldrel-windows-x86_64 | 0.1.1 | 37.00 | 59.00 | 96.00 | OK |
Version: 0.1.1
Check: Rd files
Result: NOTE
checkRd: (-1) MICS2014Wm.Rd:336: Lost braces in \enumerate; meant \describe ?
checkRd: (-1) MICS2014Wm.Rd:337: Lost braces in \enumerate; meant \describe ?
Flavors: r-devel-linux-x86_64-debian-clang, r-devel-linux-x86_64-debian-gcc, r-devel-linux-x86_64-fedora-clang, r-devel-linux-x86_64-fedora-gcc, r-prerel-macos-arm64, r-prerel-windows-x86_64, r-patched-linux-x86_64
Version: 0.1.1
Check: dependencies in R code
Result: NOTE
Namespace in Imports field not imported from: ‘stats’
All declared Imports should be used.
Flavors: r-devel-linux-x86_64-fedora-clang, r-devel-linux-x86_64-fedora-gcc