Last updated on 2023-09-28 23:08:53 CEST.
Flavor | Version | Tinstall | Tcheck | Ttotal | Status | Flags |
---|---|---|---|---|---|---|
r-devel-linux-x86_64-debian-clang | 0.0.3 | 4.02 | 55.93 | 59.95 | NOTE | |
r-devel-linux-x86_64-debian-gcc | 0.0.3 | 2.92 | 43.52 | 46.44 | NOTE | |
r-devel-linux-x86_64-fedora-clang | 0.0.3 | 68.79 | NOTE | |||
r-devel-linux-x86_64-fedora-gcc | 0.0.3 | 74.67 | NOTE | |||
r-devel-windows-x86_64 | 0.0.3 | 4.00 | 64.00 | 68.00 | NOTE | |
r-patched-linux-x86_64 | 0.0.3 | 3.91 | 56.42 | 60.33 | NOTE | |
r-release-linux-x86_64 | 0.0.3 | 2.39 | 55.48 | 57.87 | NOTE | |
r-release-macos-arm64 | 0.0.3 | 30.00 | NOTE | |||
r-release-macos-x86_64 | 0.0.3 | 45.00 | NOTE | |||
r-release-windows-x86_64 | 0.0.3 | 6.00 | 70.00 | 76.00 | NOTE | |
r-oldrel-macos-arm64 | 0.0.3 | 25.00 | NOTE | |||
r-oldrel-macos-x86_64 | 0.0.3 | 32.00 | NOTE | |||
r-oldrel-windows-x86_64 | 0.0.3 | 6.00 | 72.00 | 78.00 | NOTE |
Version: 0.0.3
Check: LazyData
Result: NOTE
'LazyData' is specified without a 'data' directory
Flavors: r-devel-linux-x86_64-debian-clang, r-devel-linux-x86_64-debian-gcc, r-devel-linux-x86_64-fedora-clang, r-devel-linux-x86_64-fedora-gcc, r-devel-windows-x86_64, r-patched-linux-x86_64, r-release-linux-x86_64, r-release-macos-arm64, r-release-macos-x86_64, r-release-windows-x86_64, r-oldrel-macos-arm64, r-oldrel-macos-x86_64, r-oldrel-windows-x86_64
Version: 0.0.3
Check: dependencies in R code
Result: NOTE
Namespace in Imports field not imported from: ‘smoothmest’
All declared Imports should be used.
Flavors: r-devel-linux-x86_64-fedora-clang, r-devel-linux-x86_64-fedora-gcc, r-oldrel-macos-arm64, r-oldrel-macos-x86_64