CRAN Package Check Results for Package ParDNAcopy

Last updated on 2018-07-16 22:52:22 CEST.

Flavor Version Tinstall Tcheck Ttotal Status Flags
r-devel-linux-x86_64-debian-clang 2.0 0.91 17.34 18.25 NOTE
r-devel-linux-x86_64-debian-gcc 2.0 0.76 14.40 15.16 NOTE
r-devel-linux-x86_64-fedora-clang 2.0 21.55 NOTE
r-devel-linux-x86_64-fedora-gcc 2.0 20.97 NOTE
r-devel-windows-ix86+x86_64 2.0 4.00 33.00 37.00 NOTE
r-patched-linux-x86_64 2.0 0.91 16.93 17.84 NOTE
r-patched-solaris-x86 2.0 38.10 NOTE
r-release-linux-x86_64 2.0 0.78 16.93 17.71 NOTE
r-release-windows-ix86+x86_64 2.0 4.00 32.00 36.00 NOTE
r-release-osx-x86_64 2.0 NOTE
r-oldrel-windows-ix86+x86_64 2.0 3.00 29.00 32.00 NOTE
r-oldrel-osx-x86_64 2.0 NOTE

Check Details

Version: 2.0
Check: DESCRIPTION meta-information
Result: NOTE
    Malformed Description field: should contain one or more complete sentences.
Flavors: r-devel-linux-x86_64-debian-clang, r-devel-linux-x86_64-debian-gcc, r-devel-linux-x86_64-fedora-clang, r-devel-linux-x86_64-fedora-gcc, r-devel-windows-ix86+x86_64, r-patched-linux-x86_64, r-patched-solaris-x86, r-release-linux-x86_64, r-release-windows-ix86+x86_64, r-release-osx-x86_64, r-oldrel-windows-ix86+x86_64, r-oldrel-osx-x86_64