CRAN Package Check Results for Package ParDNAcopy

Last updated on 2017-12-13 21:51:00 CET.

Flavor Version Tinstall Tcheck Ttotal Status Flags
r-devel-linux-x86_64-debian-clang 2.0 0.54 15.51 16.05 NOTE
r-devel-linux-x86_64-debian-gcc 2.0 0.61 14.80 15.41 NOTE
r-devel-linux-x86_64-fedora-clang 2.0 19.40 NOTE
r-devel-linux-x86_64-fedora-gcc 2.0 20.01 NOTE
r-devel-windows-ix86+x86_64 2.0 4.00 38.00 42.00 NOTE
r-patched-linux-x86_64 2.0 0.67 15.68 16.35 NOTE
r-patched-solaris-x86 2.0 33.00 NOTE
r-release-linux-x86_64 2.0 0.78 15.89 16.67 NOTE
r-release-windows-ix86+x86_64 2.0 3.00 29.00 32.00 NOTE
r-release-osx-x86_64 2.0 NOTE
r-oldrel-windows-ix86+x86_64 2.0 2.00 27.00 29.00 NOTE
r-oldrel-osx-x86_64 2.0 NOTE

Check Details

Version: 2.0
Check: DESCRIPTION meta-information
Result: NOTE
    Malformed Description field: should contain one or more complete sentences.
Flavors: r-devel-linux-x86_64-debian-clang, r-devel-linux-x86_64-debian-gcc, r-devel-linux-x86_64-fedora-clang, r-devel-linux-x86_64-fedora-gcc, r-devel-windows-ix86+x86_64, r-patched-linux-x86_64, r-patched-solaris-x86, r-release-linux-x86_64, r-release-windows-ix86+x86_64, r-release-osx-x86_64, r-oldrel-windows-ix86+x86_64, r-oldrel-osx-x86_64