Last updated on 2024-04-17 23:00:01 CEST.
Flavor | Version | Tinstall | Tcheck | Ttotal | Status | Flags |
---|---|---|---|---|---|---|
r-devel-linux-x86_64-debian-clang | 2.0 | 2.02 | 22.02 | 24.04 | NOTE | |
r-devel-linux-x86_64-debian-gcc | 2.0 | 1.64 | 17.14 | 18.78 | NOTE | |
r-devel-linux-x86_64-fedora-clang | 2.0 | 31.11 | NOTE | |||
r-devel-linux-x86_64-fedora-gcc | 2.0 | 29.20 | NOTE | |||
r-prerel-macos-arm64 | 2.0 | 16.00 | NOTE | |||
r-prerel-macos-x86_64 | 2.0 | 26.00 | NOTE | |||
r-prerel-windows-x86_64 | 2.0 | 2.00 | 38.00 | 40.00 | NOTE | |
r-patched-linux-x86_64 | 2.0 | 2.05 | 21.59 | 23.64 | NOTE | |
r-release-linux-x86_64 | 2.0 | 1.89 | 21.97 | 23.86 | NOTE | |
r-release-macos-arm64 | 2.0 | 17.00 | NOTE | |||
r-release-macos-x86_64 | 2.0 | 24.00 | NOTE | |||
r-release-windows-x86_64 | 2.0 | 2.00 | 40.00 | 42.00 | NOTE | |
r-oldrel-macos-arm64 | 2.0 | 18.00 | NOTE | |||
r-oldrel-windows-x86_64 | 2.0 | 4.00 | 47.00 | 51.00 | NOTE |
Version: 2.0
Check: DESCRIPTION meta-information
Result: NOTE
Malformed Description field: should contain one or more complete sentences.
Flavors: r-devel-linux-x86_64-debian-clang, r-devel-linux-x86_64-debian-gcc, r-devel-linux-x86_64-fedora-clang, r-devel-linux-x86_64-fedora-gcc, r-prerel-macos-arm64, r-prerel-macos-x86_64, r-prerel-windows-x86_64, r-patched-linux-x86_64, r-release-linux-x86_64, r-release-macos-arm64, r-release-macos-x86_64, r-release-windows-x86_64, r-oldrel-macos-arm64, r-oldrel-windows-x86_64