CRAN Package Check Results for Package ParallelPC

Last updated on 2020-07-11 22:50:10 CEST.

Flavor Version Tinstall Tcheck Ttotal Status Flags
r-devel-linux-x86_64-debian-clang 1.2 3.36 39.10 42.46 OK
r-devel-linux-x86_64-debian-gcc 1.2 2.73 30.61 33.34 OK
r-devel-linux-x86_64-fedora-clang 1.2 59.96 OK
r-devel-linux-x86_64-fedora-gcc 1.2 50.98 OK
r-devel-windows-ix86+x86_64 1.2 9.00 115.00 124.00 OK
r-patched-linux-x86_64 1.2 3.68 39.09 42.77 OK
r-patched-solaris-x86 1.2 80.40 OK
r-release-linux-x86_64 1.2 3.38 39.02 42.40 OK
r-release-macos-x86_64 1.2 OK
r-release-windows-ix86+x86_64 1.2 10.00 84.00 94.00 OK
r-oldrel-macos-x86_64 1.2 ERROR
r-oldrel-windows-ix86+x86_64 1.2 8.00 86.00 94.00 OK

Check Details

Version: 1.2
Check: package dependencies
Result: NOTE
    Packages suggested but not available for checking: 'pcalg', 'Rgraphviz'
Flavor: r-oldrel-macos-x86_64

Version: 1.2
Check: examples
Result: ERROR
    Running examples in ‘ParallelPC-Ex.R’ failed
    The error most likely occurred in:
    
    > ### Name: IDA_parallel
    > ### Title: Estimate Total Causal Effects using the IDA_parallel Algorithm
    > ### Aliases: IDA_parallel
    >
    > ### ** Examples
    >
    > ##########################################
    > ## Using IDA_parallel without mem.efficeient
    > ##########################################
    > library(bnlearn)
    
    Attaching package: ‘bnlearn’
    
    The following object is masked from ‘package:stats’:
    
     sigma
    
    > library(pcalg)
    Error in library(pcalg) : there is no package called ‘pcalg’
    Execution halted
Flavor: r-oldrel-macos-x86_64