CRAN Package Check Results for Package ParallelPC

Last updated on 2019-06-15 22:58:50 CEST.

Flavor Version Tinstall Tcheck Ttotal Status Flags
r-devel-linux-x86_64-debian-clang 1.2 2.64 38.28 40.92 OK
r-devel-linux-x86_64-debian-gcc 1.2 2.47 30.88 33.35 OK
r-devel-linux-x86_64-fedora-clang 1.2 48.14 OK
r-devel-linux-x86_64-fedora-gcc 1.2 45.86 OK
r-devel-windows-ix86+x86_64 1.2 10.00 100.00 110.00 OK
r-patched-linux-x86_64 1.2 2.93 39.28 42.21 OK
r-patched-solaris-x86 1.2 76.20 OK
r-release-linux-x86_64 1.2 2.66 39.01 41.67 OK
r-release-windows-ix86+x86_64 1.2 7.00 127.00 134.00 OK
r-release-osx-x86_64 1.2 ERROR
r-oldrel-windows-ix86+x86_64 1.2 3.00 132.00 135.00 OK
r-oldrel-osx-x86_64 1.2 OK

Check Details

Version: 1.2
Check: package dependencies
Result: NOTE
    Packages suggested but not available for checking: 'pcalg', 'Rgraphviz'
Flavor: r-release-osx-x86_64

Version: 1.2
Check: examples
Result: ERROR
    Running examples in ‘ParallelPC-Ex.R’ failed
    The error most likely occurred in:
    
    > ### Name: IDA_parallel
    > ### Title: Estimate Total Causal Effects using the IDA_parallel Algorithm
    > ### Aliases: IDA_parallel
    >
    > ### ** Examples
    >
    > ##########################################
    > ## Using IDA_parallel without mem.efficeient
    > ##########################################
    > library(bnlearn)
    
    Attaching package: ‘bnlearn’
    
    The following object is masked from ‘package:stats’:
    
     sigma
    
    > library(pcalg)
    Error in library(pcalg) : there is no package called ‘pcalg’
    Execution halted
Flavor: r-release-osx-x86_64