CRAN Package Check Results for Package ParallelPC

Last updated on 2019-08-17 22:46:33 CEST.

Flavor Version Tinstall Tcheck Ttotal Status Flags
r-devel-linux-x86_64-debian-clang 1.2 3.28 39.69 42.97 OK
r-devel-linux-x86_64-debian-gcc 1.2 2.64 30.69 33.33 OK
r-devel-linux-x86_64-fedora-clang 1.2 49.54 OK
r-devel-linux-x86_64-fedora-gcc 1.2 50.32 OK
r-devel-windows-ix86+x86_64 1.2 10.00 137.00 147.00 OK
r-patched-linux-x86_64 1.2 3.23 38.67 41.90 OK
r-patched-solaris-x86 1.2 81.70 OK
r-release-linux-x86_64 1.2 2.35 38.90 41.25 OK
r-release-windows-ix86+x86_64 1.2 8.00 137.00 145.00 OK
r-release-osx-x86_64 1.2 ERROR
r-oldrel-windows-ix86+x86_64 1.2 6.00 128.00 134.00 OK
r-oldrel-osx-x86_64 1.2 OK

Check Details

Version: 1.2
Check: package dependencies
Result: NOTE
    Packages suggested but not available for checking: 'pcalg', 'Rgraphviz'
Flavor: r-release-osx-x86_64

Version: 1.2
Check: examples
Result: ERROR
    Running examples in ‘ParallelPC-Ex.R’ failed
    The error most likely occurred in:
    
    > ### Name: IDA_parallel
    > ### Title: Estimate Total Causal Effects using the IDA_parallel Algorithm
    > ### Aliases: IDA_parallel
    >
    > ### ** Examples
    >
    > ##########################################
    > ## Using IDA_parallel without mem.efficeient
    > ##########################################
    > library(bnlearn)
    
    Attaching package: ‘bnlearn’
    
    The following object is masked from ‘package:stats’:
    
     sigma
    
    > library(pcalg)
    Error in library(pcalg) : there is no package called ‘pcalg’
    Execution halted
Flavor: r-release-osx-x86_64