Last updated on 2023-02-05 22:59:28 CET.
Flavor | Version | Tinstall | Tcheck | Ttotal | Status | Flags |
---|---|---|---|---|---|---|
r-devel-linux-x86_64-debian-clang | 2022.2.1 | 6.68 | 127.20 | 133.88 | NOTE | |
r-devel-linux-x86_64-debian-gcc | 2022.2.1 | 5.44 | 94.13 | 99.57 | NOTE | |
r-devel-linux-x86_64-fedora-clang | 2022.2.1 | 183.66 | NOTE | |||
r-devel-linux-x86_64-fedora-gcc | 2022.2.1 | 168.10 | NOTE | |||
r-devel-windows-x86_64 | 2022.2.1 | 34.00 | 242.00 | 276.00 | NOTE | |
r-patched-linux-x86_64 | 2022.2.1 | 7.31 | 118.14 | 125.45 | OK | |
r-release-linux-x86_64 | 2022.2.1 | 6.17 | 120.21 | 126.38 | OK | |
r-release-macos-arm64 | 2022.2.1 | 60.00 | OK | |||
r-release-macos-x86_64 | 2022.2.1 | 1803.00 | OK | |||
r-release-windows-x86_64 | 2022.2.1 | 48.00 | 246.00 | 294.00 | OK | |
r-oldrel-macos-arm64 | 2022.2.1 | 59.00 | OK | |||
r-oldrel-macos-x86_64 | 2022.2.1 | 129.00 | OK | |||
r-oldrel-windows-ix86+x86_64 | 2022.2.1 | 19.00 | 245.00 | 264.00 | OK |
Version: 2022.2.1
Check: C++ specification
Result: NOTE
Specified C++11: please update to current default of C++17
Flavors: r-devel-linux-x86_64-debian-clang, r-devel-linux-x86_64-debian-gcc, r-devel-linux-x86_64-fedora-clang, r-devel-linux-x86_64-fedora-gcc, r-devel-windows-x86_64