CRAN Package Check Results for Package PhViD

Last updated on 2019-07-17 22:54:36 CEST.

Flavor Version Tinstall Tcheck Ttotal Status Flags
r-devel-linux-x86_64-debian-clang 1.0.8 7.67 64.95 72.62 OK
r-devel-linux-x86_64-debian-gcc 1.0.8 6.90 53.61 60.51 OK
r-devel-linux-x86_64-fedora-clang 1.0.8 88.53 OK
r-devel-linux-x86_64-fedora-gcc 1.0.8 85.19 OK
r-devel-windows-ix86+x86_64 1.0.8 20.00 80.00 100.00 OK
r-patched-linux-x86_64 1.0.8 7.39 64.54 71.93 OK
r-patched-solaris-x86 1.0.8 143.10 OK
r-release-linux-x86_64 1.0.8 7.38 64.94 72.32 OK
r-release-windows-ix86+x86_64 1.0.8 14.00 109.00 123.00 OK
r-release-osx-x86_64 1.0.8 ERROR
r-oldrel-windows-ix86+x86_64 1.0.8 10.00 98.00 108.00 OK
r-oldrel-osx-x86_64 1.0.8 OK

Check Details

Version: 1.0.8
Check: package dependencies
Result: ERROR
    Package required but not available: ‘LBE’
    
    See section ‘The DESCRIPTION file’ in the ‘Writing R Extensions’
    manual.
Flavor: r-release-osx-x86_64