Last updated on 2024-04-22 23:09:59 CEST.
Flavor | Version | Tinstall | Tcheck | Ttotal | Status | Flags |
---|---|---|---|---|---|---|
r-devel-linux-x86_64-debian-clang | 1.0.8 | 11.29 | 86.00 | 97.29 | OK | |
r-devel-linux-x86_64-debian-gcc | 1.0.8 | 7.08 | 64.40 | 71.48 | OK | |
r-devel-linux-x86_64-fedora-clang | 1.0.8 | 118.80 | OK | |||
r-devel-linux-x86_64-fedora-gcc | 1.0.8 | 112.33 | OK | |||
r-prerel-macos-arm64 | 1.0.8 | 35.00 | OK | |||
r-prerel-macos-x86_64 | 1.0.8 | 80.00 | OK | |||
r-prerel-windows-x86_64 | 1.0.8 | 8.00 | 80.00 | 88.00 | OK | |
r-patched-linux-x86_64 | 1.0.8 | 9.86 | 81.52 | 91.38 | OK | |
r-release-linux-x86_64 | 1.0.8 | 10.92 | 89.20 | 100.12 | OK | |
r-release-macos-arm64 | 1.0.8 | 41.00 | OK | |||
r-release-macos-x86_64 | 1.0.8 | 85.00 | OK | |||
r-release-windows-x86_64 | 1.0.8 | 11.00 | 93.00 | 104.00 | OK | |
r-oldrel-macos-arm64 | 1.0.8 | 11.00 | ERROR | |||
r-oldrel-windows-x86_64 | 1.0.8 | 12.00 | 96.00 | 108.00 | OK |
Version: 1.0.8
Check: package dependencies
Result: ERROR
Package required but not available: ‘LBE’
See section ‘The DESCRIPTION file’ in the ‘Writing R Extensions’
manual.
Flavor: r-oldrel-macos-arm64