CRAN Package Check Results for Package PhylogeneticEM

Last updated on 2020-01-17 22:51:00 CET.

Flavor Version Tinstall Tcheck Ttotal Status Flags
r-devel-linux-x86_64-debian-clang 1.3.0 52.71 186.95 239.66 OK
r-devel-linux-x86_64-debian-gcc 1.3.0 38.18 139.69 177.87 OK
r-devel-linux-x86_64-fedora-clang 1.3.0 311.18 OK
r-devel-linux-x86_64-fedora-gcc 1.3.0 302.78 OK
r-devel-windows-ix86+x86_64 1.3.0 127.00 543.00 670.00 OK
r-devel-windows-ix86+x86_64-gcc8 1.3.0 99.00 421.00 520.00 OK
r-patched-linux-x86_64 1.3.0 43.15 163.27 206.42 OK
r-patched-solaris-x86 1.3.0 658.50 OK
r-release-linux-x86_64 1.3.0 42.28 161.06 203.34 OK
r-release-windows-ix86+x86_64 1.3.0 124.00 452.00 576.00 OK
r-release-osx-x86_64 1.3.0 OK
r-oldrel-windows-ix86+x86_64 1.2.1 71.00 477.00 548.00 OK
r-oldrel-osx-x86_64 1.3.0 ERROR

Check Details

Version: 1.3.0
Check: package dependencies
Result: ERROR
    Packages required and available but unsuitable versions:
     ‘graphics’ ‘grDevices’ ‘methods’ ‘stats’ ‘utils’
    
    See section ‘The DESCRIPTION file’ in the ‘Writing R Extensions’
    manual.
Flavor: r-oldrel-osx-x86_64