CRAN Package Check Results for Package PlackettLuce

Last updated on 2021-04-16 22:51:07 CEST.

Flavor Version Tinstall Tcheck Ttotal Status Flags
r-devel-linux-x86_64-debian-clang 0.4.0 18.89 300.96 319.85 OK
r-devel-linux-x86_64-debian-gcc 0.4.0 16.12 212.67 228.79 OK
r-devel-linux-x86_64-fedora-clang 0.4.0 376.36 NOTE
r-devel-linux-x86_64-fedora-gcc 0.4.0 368.48 NOTE
r-devel-windows-ix86+x86_64 0.4.0 39.00 358.00 397.00 OK
r-devel-windows-x86_64-gcc10-UCRT 0.4.0 NOTE
r-patched-linux-x86_64 0.4.0 16.82 276.61 293.43 OK
r-patched-solaris-x86 0.4.0 506.10 NOTE
r-release-linux-x86_64 0.4.0 19.14 273.77 292.91 OK
r-release-macos-x86_64 0.4.0 NOTE
r-release-windows-ix86+x86_64 0.4.0 45.00 366.00 411.00 OK
r-oldrel-macos-x86_64 0.4.0 NOTE
r-oldrel-windows-ix86+x86_64 0.4.0 26.00 344.00 370.00 OK

Check Details

Version: 0.4.0
Check: dependencies in R code
Result: NOTE
    Namespace in Imports field not imported from: ‘R6’
     All declared Imports should be used.
Flavors: r-devel-linux-x86_64-fedora-clang, r-devel-linux-x86_64-fedora-gcc, r-devel-windows-x86_64-gcc10-UCRT, r-patched-solaris-x86, r-release-macos-x86_64, r-oldrel-macos-x86_64

Version: 0.4.0
Check: package dependencies
Result: NOTE
    Package suggested but not available for checking: ‘BiocStyle’
Flavor: r-oldrel-macos-x86_64