Last updated on 2024-03-28 23:01:53 CET.
Flavor | Version | Tinstall | Tcheck | Ttotal | Status | Flags |
---|---|---|---|---|---|---|
r-devel-linux-x86_64-debian-clang | 0.3 | 12.73 | 121.59 | 134.32 | OK | |
r-devel-linux-x86_64-debian-gcc | 0.3 | 9.96 | 91.13 | 101.09 | OK | |
r-devel-linux-x86_64-fedora-clang | 0.3 | 171.95 | NOTE | |||
r-devel-linux-x86_64-fedora-gcc | 0.3 | 177.04 | NOTE | |||
r-devel-windows-x86_64 | 0.3 | 12.00 | 102.00 | 114.00 | OK | |
r-patched-linux-x86_64 | 0.3 | 17.89 | 117.41 | 135.30 | OK | |
r-release-linux-x86_64 | 0.3 | 9.41 | 117.13 | 126.54 | OK | |
r-release-macos-arm64 | 0.3 | 56.00 | OK | |||
r-release-macos-x86_64 | 0.3 | 92.00 | OK | |||
r-release-windows-x86_64 | 0.3 | 16.00 | 125.00 | 141.00 | OK | |
r-oldrel-macos-arm64 | 0.3 | 48.00 | NOTE | |||
r-oldrel-windows-x86_64 | 0.3 | 15.00 | 127.00 | 142.00 | OK |
Version: 0.3
Check: data for non-ASCII characters
Result: NOTE
Note: found 21 marked UTF-8 strings
Flavors: r-devel-linux-x86_64-fedora-clang, r-devel-linux-x86_64-fedora-gcc, r-oldrel-macos-arm64