Last updated on 2025-01-20 22:49:08 CET.
Flavor | Version | Tinstall | Tcheck | Ttotal | Status | Flags |
---|---|---|---|---|---|---|
r-devel-linux-x86_64-debian-clang | 0.2.0 | 303.20 | 133.50 | 436.70 | OK | |
r-devel-linux-x86_64-debian-gcc | 0.2.0 | 291.69 | 118.40 | 410.09 | OK | |
r-devel-linux-x86_64-fedora-clang | 0.2.0 | 727.57 | NOTE | |||
r-devel-linux-x86_64-fedora-gcc | 0.2.0 | 1042.03 | NOTE | |||
r-devel-windows-x86_64 | 0.2.0 | 312.00 | 170.00 | 482.00 | OK | |
r-patched-linux-x86_64 | 0.2.0 | 370.33 | 159.36 | 529.69 | NOTE | |
r-release-linux-x86_64 | 0.2.0 | 372.40 | 160.68 | 533.08 | NOTE | |
r-release-macos-arm64 | 0.2.0 | 189.00 | NOTE | |||
r-release-macos-x86_64 | 0.2.0 | 201.00 | NOTE | |||
r-release-windows-x86_64 | 0.2.0 | 301.00 | 177.00 | 478.00 | NOTE | |
r-oldrel-macos-arm64 | 0.2.0 | 195.00 | NOTE | |||
r-oldrel-macos-x86_64 | 0.2.0 | 239.00 | NOTE | |||
r-oldrel-windows-x86_64 | 0.2.0 | 410.00 | 217.00 | 627.00 | NOTE |
Version: 0.2.0
Check: dependencies in R code
Result: NOTE
Namespaces in Imports field not imported from:
‘RcppParallel’ ‘rstantools’
All declared Imports should be used.
Flavors: r-devel-linux-x86_64-fedora-clang, r-devel-linux-x86_64-fedora-gcc
Version: 0.2.0
Check: for GNU extensions in Makefiles
Result: NOTE
GNU make is a SystemRequirements.
Flavors: r-patched-linux-x86_64, r-release-linux-x86_64, r-release-macos-arm64, r-release-macos-x86_64, r-release-windows-x86_64, r-oldrel-macos-arm64, r-oldrel-macos-x86_64, r-oldrel-windows-x86_64
Version: 0.2.0
Check: installed package size
Result: NOTE
installed size is 63.1Mb
sub-directories of 1Mb or more:
libs 62.7Mb
Flavors: r-release-macos-arm64, r-release-macos-x86_64, r-oldrel-macos-arm64, r-oldrel-macos-x86_64