Last updated on 2021-04-16 22:51:08 CEST.
Flavor | Version | Tinstall | Tcheck | Ttotal | Status | Flags |
---|---|---|---|---|---|---|
r-devel-linux-x86_64-debian-clang | 0.5.0 | 22.54 | 462.91 | 485.45 | NOTE | |
r-devel-linux-x86_64-debian-gcc | 0.5.0 | 18.52 | 317.00 | 335.52 | NOTE | |
r-devel-linux-x86_64-fedora-clang | 0.5.0 | 551.08 | NOTE | |||
r-devel-linux-x86_64-fedora-gcc | 0.5.0 | 536.15 | NOTE | |||
r-devel-windows-ix86+x86_64 | 0.5.0 | 45.00 | 517.00 | 562.00 | NOTE | |
r-devel-windows-x86_64-gcc10-UCRT | 0.5.0 | NOTE | ||||
r-patched-linux-x86_64 | 0.5.0 | 21.46 | 416.71 | 438.17 | OK | |
r-patched-solaris-x86 | 0.5.0 | 663.80 | OK | |||
r-release-linux-x86_64 | 0.5.0 | 21.07 | 415.24 | 436.31 | OK | |
r-release-macos-x86_64 | 0.5.0 | OK | ||||
r-release-windows-ix86+x86_64 | 0.5.0 | 53.00 | 535.00 | 588.00 | OK | |
r-oldrel-macos-x86_64 | 0.5.0 | OK | ||||
r-oldrel-windows-ix86+x86_64 | 0.5.0 | 24.00 | 503.00 | 527.00 | OK |
Version: 0.5.0
Check: LazyData
Result: NOTE
'LazyData' is specified without a 'data' directory
Flavors: r-devel-linux-x86_64-debian-clang, r-devel-linux-x86_64-debian-gcc, r-devel-linux-x86_64-fedora-clang, r-devel-linux-x86_64-fedora-gcc, r-devel-windows-ix86+x86_64, r-devel-windows-x86_64-gcc10-UCRT