CRAN Package Check Results for Package PostcodesioR

Last updated on 2021-04-10 22:52:33 CEST.

Flavor Version Tinstall Tcheck Ttotal Status Flags
r-devel-linux-x86_64-debian-clang 0.3.0 2.36 27.99 30.35 NOTE
r-devel-linux-x86_64-debian-gcc 0.3.0 1.85 22.35 24.20 NOTE
r-devel-linux-x86_64-fedora-clang 0.3.0 44.06 NOTE
r-devel-linux-x86_64-fedora-gcc 0.3.0 35.12 NOTE
r-devel-windows-ix86+x86_64 0.3.0 4.00 35.00 39.00 NOTE
r-devel-windows-x86_64-gcc10-UCRT 0.3.0 NOTE
r-patched-linux-x86_64 0.3.0 2.22 27.35 29.57 OK
r-patched-solaris-x86 0.3.0 55.00 OK
r-release-linux-x86_64 0.3.0 2.27 27.53 29.80 OK
r-release-macos-x86_64 0.3.0 OK
r-release-windows-ix86+x86_64 0.3.0 6.00 48.00 54.00 OK
r-oldrel-macos-x86_64 0.3.0 OK
r-oldrel-windows-ix86+x86_64 0.3.0 4.00 46.00 50.00 OK

Check Details

Version: 0.3.0
Check: LazyData
Result: NOTE
     'LazyData' is specified without a 'data' directory
Flavors: r-devel-linux-x86_64-debian-clang, r-devel-linux-x86_64-debian-gcc, r-devel-linux-x86_64-fedora-clang, r-devel-linux-x86_64-fedora-gcc, r-devel-windows-ix86+x86_64, r-devel-windows-x86_64-gcc10-UCRT