CRAN Package Check Results for Package PottsUtils

Last updated on 2018-02-24 22:47:41 CET.

Flavor Version Tinstall Tcheck Ttotal Status Flags
r-devel-linux-x86_64-debian-clang 0.3-3 5.28 63.82 69.10 OK
r-devel-linux-x86_64-debian-gcc 0.3-3 5.52 54.07 59.59 OK
r-devel-linux-x86_64-fedora-clang 0.3-3 87.18 OK
r-devel-linux-x86_64-fedora-gcc 0.3-3 90.32 OK
r-devel-windows-ix86+x86_64 0.3-3 18.00 129.00 147.00 OK
r-patched-linux-x86_64 0.3-3 5.50 62.74 68.24 OK
r-patched-solaris-x86 0.3-3 121.50 OK
r-release-linux-x86_64 0.3-3 4.58 62.56 67.14 OK
r-release-windows-ix86+x86_64 0.3-3 19.00 132.00 151.00 OK
r-release-osx-x86_64 0.3-3 OK
r-oldrel-windows-ix86+x86_64 0.3-3 13.00 102.00 115.00 OK
r-oldrel-osx-x86_64 0.3-2 NOTE

Check Details

Version: 0.3-2
Check: R code for possible problems
Result: NOTE
    findBonds: no visible global function definition for ‘runif’
    rPotts1ParDecoup: no visible global function definition for ‘runif’
    Undefined global functions or variables:
     runif
    Consider adding
     importFrom("stats", "runif")
    to your NAMESPACE file.
Flavor: r-oldrel-osx-x86_64

Version: 0.3-2
Check: compiled code
Result: NOTE
    File ‘PottsUtils/libs/PottsUtils.so’:
     Found ‘_rand’, possibly from ‘rand’ (C)
     Object: ‘sw.o’
    
    Compiled code should not call entry points which might terminate R nor
    write to stdout/stderr instead of to the console, nor the system RNG.
    
    See ‘Writing portable packages’ in the ‘Writing R Extensions’ manual.
Flavor: r-oldrel-osx-x86_64