Last updated on 2024-03-28 23:01:54 CET.
Flavor | Version | Tinstall | Tcheck | Ttotal | Status | Flags |
---|---|---|---|---|---|---|
r-devel-linux-x86_64-debian-clang | 1.4.3 | 10.10 | 159.23 | 169.33 | OK | |
r-devel-linux-x86_64-debian-gcc | 1.4.3 | 8.94 | 118.67 | 127.61 | OK | |
r-devel-linux-x86_64-fedora-clang | 1.4.3 | 240.94 | OK | |||
r-devel-linux-x86_64-fedora-gcc | 1.4.3 | 243.10 | OK | |||
r-devel-windows-x86_64 | 1.4.3 | 14.00 | 190.00 | 204.00 | OK | |
r-patched-linux-x86_64 | 1.4.3 | 16.65 | 155.93 | 172.58 | OK | |
r-release-linux-x86_64 | 1.4.3 | 15.34 | 153.50 | 168.84 | OK | |
r-release-macos-arm64 | 1.4.3 | 82.00 | OK | |||
r-release-macos-x86_64 | 1.4.3 | 146.00 | NOTE | |||
r-release-windows-x86_64 | 1.4.3 | 18.00 | 194.00 | 212.00 | OK | |
r-oldrel-macos-arm64 | 1.4.3 | 69.00 | OK | |||
r-oldrel-windows-x86_64 | 1.4.3 | 18.00 | 197.00 | 215.00 | OK |
Version: 1.4.3
Check: installed package size
Result: NOTE
installed size is 5.5Mb
sub-directories of 1Mb or more:
data 4.0Mb
doc 1.1Mb
Flavor: r-release-macos-x86_64