CRAN Package Check Results for Package PsyControl

Last updated on 2019-11-18 22:47:20 CET.

Flavor Version Tinstall Tcheck Ttotal Status Flags
r-devel-linux-x86_64-debian-clang 1.0.0.0 7.34 63.73 71.07 OK
r-devel-linux-x86_64-debian-gcc 1.0.0.0 5.84 49.70 55.54 OK
r-devel-linux-x86_64-fedora-clang 1.0.0.0 80.57 OK
r-devel-linux-x86_64-fedora-gcc 1.0.0.0 83.59 OK
r-devel-windows-ix86+x86_64 1.0.0.0 22.00 74.00 96.00 OK
r-patched-linux-x86_64 1.0.0.0 6.81 58.98 65.79 OK
r-patched-solaris-x86 1.0.0.0 122.70 OK
r-release-linux-x86_64 1.0.0.0 6.40 58.55 64.95 OK
r-release-windows-ix86+x86_64 1.0.0.0 16.00 94.00 110.00 OK
r-release-osx-x86_64 1.0.0.0 FAIL
r-oldrel-windows-ix86+x86_64 1.0.0.0 8.00 96.00 104.00 OK
r-oldrel-osx-x86_64 1.0.0.0 OK

Check Details

Version: 1.0.0.0
Check: whether package can be installed
Result: FAIL
    
Flavor: r-release-osx-x86_64