CRAN Package Check Results for Package PsyControl

Last updated on 2019-07-21 22:50:02 CEST.

Flavor Version Tinstall Tcheck Ttotal Status Flags
r-devel-linux-x86_64-debian-clang 1.0.0.0 7.35 59.07 66.42 OK
r-devel-linux-x86_64-debian-gcc 1.0.0.0 5.21 48.55 53.76 OK
r-devel-linux-x86_64-fedora-clang 1.0.0.0 78.89 OK
r-devel-linux-x86_64-fedora-gcc 1.0.0.0 77.39 OK
r-devel-windows-ix86+x86_64 1.0.0.0 15.00 92.00 107.00 OK
r-patched-linux-x86_64 1.0.0.0 7.69 60.15 67.84 OK
r-patched-solaris-x86 1.0.0.0 128.10 OK
r-release-linux-x86_64 1.0.0.0 7.40 59.51 66.91 OK
r-release-windows-ix86+x86_64 1.0.0.0 13.00 66.00 79.00 OK
r-release-osx-x86_64 1.0.0.0 FAIL
r-oldrel-windows-ix86+x86_64 1.0.0.0 12.00 66.00 78.00 OK
r-oldrel-osx-x86_64 1.0.0.0 OK

Check Details

Version: 1.0.0.0
Check: whether package can be installed
Result: FAIL
    
Flavor: r-release-osx-x86_64