Last updated on 2024-03-28 23:01:54 CET.
Flavor | Version | Tinstall | Tcheck | Ttotal | Status | Flags |
---|---|---|---|---|---|---|
r-devel-linux-x86_64-debian-clang | 0.6.2 | 10.64 | 155.99 | 166.63 | OK | |
r-devel-linux-x86_64-debian-gcc | 0.6.2 | 10.23 | 116.42 | 126.65 | OK | |
r-devel-linux-x86_64-fedora-clang | 0.6.2 | 210.81 | NOTE | |||
r-devel-linux-x86_64-fedora-gcc | 0.6.2 | 213.92 | OK | |||
r-devel-windows-x86_64 | 0.6.2 | 11.00 | 136.00 | 147.00 | OK | |
r-patched-linux-x86_64 | 0.6.2 | 14.56 | 149.12 | 163.68 | OK | |
r-release-linux-x86_64 | 0.6.2 | 8.03 | 146.26 | 154.29 | OK | |
r-release-macos-arm64 | 0.6.2 | 76.00 | OK | |||
r-release-macos-x86_64 | 0.6.2 | 112.00 | OK | |||
r-release-windows-x86_64 | 0.6.2 | 15.00 | 164.00 | 179.00 | OK | |
r-oldrel-macos-arm64 | 0.6.2 | 61.00 | OK | |||
r-oldrel-windows-x86_64 | 0.6.2 | 18.00 | 164.00 | 182.00 | OK |
Version: 0.6.2
Check: Rd cross-references
Result: NOTE
Undeclared package ‘tibble’ in Rd xrefs
Flavor: r-devel-linux-x86_64-fedora-clang