CRAN Package Check Results for Package PupillometryR

Last updated on 2024-02-24 21:40:29 CET.

Flavor Version Tinstall Tcheck Ttotal Status Flags
r-devel-linux-x86_64-debian-clang 0.0.5 7.70 142.75 150.45 OK
r-devel-linux-x86_64-debian-gcc 0.0.5 6.79 105.05 111.84 OK
r-devel-linux-x86_64-fedora-clang 0.0.5 183.36 NOTE
r-devel-linux-x86_64-fedora-gcc 0.0.5 186.85 NOTE
r-devel-windows-x86_64 0.0.5 8.00 128.00 136.00 OK
r-patched-linux-x86_64 0.0.5 7.78 133.37 141.15 OK
r-release-linux-x86_64 0.0.5 5.59 134.23 139.82 OK
r-release-macos-arm64 0.0.5 63.00 OK
r-release-macos-x86_64 0.0.5 176.00 OK
r-release-windows-x86_64 0.0.5 11.00 155.00 166.00 OK
r-oldrel-macos-arm64 0.0.5 66.00 OK
r-oldrel-windows-x86_64 0.0.5 11.00 153.00 164.00 OK

Check Details

Version: 0.0.5
Check: dependencies in R code
Result: NOTE Namespaces in Imports field not imported from: ‘itsadug’ ‘mgcv’ All declared Imports should be used. Flavors: r-devel-linux-x86_64-fedora-clang, r-devel-linux-x86_64-fedora-gcc