Last updated on 2023-03-25 22:55:38 CET.
Flavor | Version | Tinstall | Tcheck | Ttotal | Status | Flags |
---|---|---|---|---|---|---|
r-devel-linux-x86_64-debian-clang | 3.18 | 52.89 | 93.20 | 146.09 | OK | |
r-devel-linux-x86_64-debian-gcc | 3.18 | 43.17 | 69.85 | 113.02 | OK | |
r-devel-linux-x86_64-fedora-gcc | 3.18 | 186.62 | OK | |||
r-devel-windows-x86_64 | 3.18 | 198.00 | 134.00 | 332.00 | NOTE | |
r-patched-linux-x86_64 | 3.18 | 50.50 | 87.09 | 137.59 | OK | |
r-release-linux-x86_64 | 3.18 | 46.87 | 87.33 | 134.20 | OK | |
r-release-macos-arm64 | 3.18 | 47.00 | NOTE | |||
r-release-macos-x86_64 | 3.18 | 65.00 | NOTE | |||
r-release-windows-x86_64 | 3.18 | 295.00 | 136.00 | 431.00 | NOTE | |
r-oldrel-macos-arm64 | 3.18 | 51.00 | NOTE | |||
r-oldrel-macos-x86_64 | 3.18 | 70.00 | NOTE | |||
r-oldrel-windows-ix86+x86_64 | 3.18 | 208.00 | 144.00 | 352.00 | NOTE |
Version: 3.18
Check: installed package size
Result: NOTE
installed size is 6.2Mb
sub-directories of 1Mb or more:
gui 1.6Mb
staticdocs 3.3Mb
Flavors: r-devel-windows-x86_64, r-release-macos-arm64, r-release-macos-x86_64, r-release-windows-x86_64, r-oldrel-macos-arm64, r-oldrel-macos-x86_64, r-oldrel-windows-ix86+x86_64