Last updated on 2024-04-19 22:55:59 CEST.
Flavor | Version | Tinstall | Tcheck | Ttotal | Status | Flags |
---|---|---|---|---|---|---|
r-devel-linux-x86_64-debian-clang | 3.4 | 38.84 | 159.49 | 198.33 | OK | |
r-devel-linux-x86_64-debian-gcc | 3.4 | OK | ||||
r-devel-linux-x86_64-fedora-clang | 3.4 | 257.40 | OK | |||
r-devel-linux-x86_64-fedora-gcc | 3.4 | 244.60 | OK | |||
r-prerel-macos-arm64 | 3.4 | 63.00 | OK | |||
r-prerel-windows-x86_64 | 3.4 | 38.00 | 139.00 | 177.00 | OK | |
r-patched-linux-x86_64 | 3.4 | 39.77 | 150.87 | 190.64 | OK | |
r-release-linux-x86_64 | 3.4 | 36.24 | 151.91 | 188.15 | OK | |
r-release-macos-arm64 | 3.4 | 72.00 | OK | |||
r-release-macos-x86_64 | 3.4 | 125.00 | OK | |||
r-release-windows-x86_64 | 3.4 | 49.00 | 178.00 | 227.00 | NOTE | |
r-oldrel-macos-arm64 | 3.4 | 63.00 | OK | |||
r-oldrel-windows-x86_64 | 3.4 | 46.00 | 176.00 | 222.00 | NOTE |
Version: 3.4
Check: installed package size
Result: NOTE
installed size is 5.0Mb
sub-directories of 1Mb or more:
extdata 3.0Mb
libs 1.0Mb
Flavors: r-release-windows-x86_64, r-oldrel-windows-x86_64