CRAN Package Check Results for Package R2BEAT

Last updated on 2024-02-24 21:40:30 CET.

Flavor Version Tinstall Tcheck Ttotal Status Flags
r-devel-linux-x86_64-debian-clang 1.0.5 7.99 47.02 55.01 NOTE
r-devel-linux-x86_64-debian-gcc 1.0.5 5.73 35.90 41.63 NOTE
r-devel-linux-x86_64-fedora-clang 1.0.5 68.05 NOTE
r-devel-linux-x86_64-fedora-gcc 1.0.5 64.90 NOTE
r-devel-windows-x86_64 1.0.5 7.00 58.00 65.00 NOTE
r-patched-linux-x86_64 1.0.5 7.07 46.81 53.88 NOTE
r-release-linux-x86_64 1.0.5 6.39 46.21 52.60 NOTE
r-release-macos-arm64 1.0.5 23.00 NOTE
r-release-macos-x86_64 1.0.5 56.00 NOTE
r-release-windows-x86_64 1.0.5 9.00 64.00 73.00 NOTE
r-oldrel-macos-arm64 1.0.5 28.00 NOTE
r-oldrel-windows-x86_64 1.0.5 11.00 66.00 77.00 NOTE

Check Details

Version: 1.0.5
Check: package dependencies
Result: NOTE Package suggested but not available for checking: ‘ReGenesees’ Flavors: r-devel-linux-x86_64-debian-clang, r-devel-linux-x86_64-debian-gcc, r-devel-linux-x86_64-fedora-clang, r-devel-linux-x86_64-fedora-gcc, r-devel-windows-x86_64, r-patched-linux-x86_64, r-release-linux-x86_64, r-release-macos-arm64, r-release-macos-x86_64, r-release-windows-x86_64, r-oldrel-macos-arm64, r-oldrel-windows-x86_64