Last updated on 2023-06-09 22:58:36 CEST.
Flavor | Version | Tinstall | Tcheck | Ttotal | Status | Flags |
---|---|---|---|---|---|---|
r-devel-linux-x86_64-debian-clang | 2.1-21 | 5.20 | 47.80 | 53.00 | NOTE | |
r-devel-linux-x86_64-debian-gcc | 2.1-21 | 3.15 | 37.79 | 40.94 | NOTE | |
r-devel-linux-x86_64-fedora-clang | 2.1-21 | 67.48 | OK | |||
r-devel-linux-x86_64-fedora-gcc | 2.1-21 | 75.61 | OK | |||
r-devel-windows-x86_64 | 2.1-21 | 6.00 | 84.00 | 90.00 | NOTE | |
r-patched-linux-x86_64 | 2.1-21 | 4.30 | 46.78 | 51.08 | NOTE | |
r-release-linux-x86_64 | 2.1-21 | 4.62 | 46.15 | 50.77 | NOTE | |
r-release-macos-arm64 | 2.1-21 | 40.00 | NOTE | |||
r-release-macos-x86_64 | 2.1-21 | 50.00 | NOTE | |||
r-release-windows-x86_64 | 2.1-21 | 8.00 | 81.00 | 89.00 | NOTE | |
r-oldrel-macos-arm64 | 2.1-21 | 33.00 | NOTE | |||
r-oldrel-macos-x86_64 | 2.1-21 | 39.00 | NOTE | |||
r-oldrel-windows-x86_64 | 2.1-21 | 7.00 | 82.00 | 89.00 | NOTE |
Version: 2.1-21
Check: R code for possible problems
Result: NOTE
Found the following calls to attach():
File ‘R2WinBUGS/R/attach.all.R’:
attach(x, name = name)
See section ‘Good practice’ in ‘?attach’.
Flavors: r-devel-linux-x86_64-debian-clang, r-devel-linux-x86_64-debian-gcc, r-patched-linux-x86_64, r-release-linux-x86_64
Version: 2.1-21
Check: package dependencies
Result: NOTE
Package suggested but not available for checking: 'BRugs'
Flavors: r-devel-windows-x86_64, r-release-macos-arm64, r-release-macos-x86_64, r-release-windows-x86_64, r-oldrel-macos-arm64, r-oldrel-macos-x86_64, r-oldrel-windows-x86_64
Version: 2.1-21
Check: Rd cross-references
Result: NOTE
Package unavailable to check Rd xrefs: ‘BRugs’
Flavors: r-release-macos-arm64, r-release-macos-x86_64, r-oldrel-macos-arm64, r-oldrel-macos-x86_64