CRAN Package Check Results for Package R2WinBUGS

Last updated on 2019-07-21 22:50:03 CEST.

Flavor Version Tinstall Tcheck Ttotal Status Flags
r-devel-linux-x86_64-debian-clang 2.1-21 4.35 39.17 43.52 NOTE
r-devel-linux-x86_64-debian-gcc 2.1-21 3.04 31.40 34.44 NOTE
r-devel-linux-x86_64-fedora-clang 2.1-21 49.75 OK
r-devel-linux-x86_64-fedora-gcc 2.1-21 48.43 OK
r-devel-windows-ix86+x86_64 2.1-21 7.00 76.00 83.00 OK
r-patched-linux-x86_64 2.1-21 3.83 39.18 43.01 NOTE
r-patched-solaris-x86 2.1-21 78.80 NOTE
r-release-linux-x86_64 2.1-21 4.04 39.14 43.18 NOTE
r-release-windows-ix86+x86_64 2.1-21 6.00 53.00 59.00 OK
r-release-osx-x86_64 2.1-21 NOTE
r-oldrel-windows-ix86+x86_64 2.1-21 8.00 57.00 65.00 OK
r-oldrel-osx-x86_64 2.1-21 NOTE

Check Details

Version: 2.1-21
Check: R code for possible problems
Result: NOTE
    Found the following calls to attach():
    File 'R2WinBUGS/R/attach.all.R':
     attach(x, name = name)
    See section 'Good practice' in '?attach'.
Flavors: r-devel-linux-x86_64-debian-clang, r-devel-linux-x86_64-debian-gcc, r-patched-linux-x86_64, r-release-linux-x86_64

Version: 2.1-21
Check: package dependencies
Result: NOTE
    Package suggested but not available for checking: ‘BRugs’
Flavors: r-patched-solaris-x86, r-release-osx-x86_64, r-oldrel-osx-x86_64

Version: 2.1-21
Check: Rd cross-references
Result: NOTE
    Package unavailable to check Rd xrefs: ‘BRugs’
Flavors: r-patched-solaris-x86, r-release-osx-x86_64, r-oldrel-osx-x86_64