CRAN Package Check Results for Package R2WinBUGS

Last updated on 2024-05-18 22:27:49 CEST.

Flavor Version Tinstall Tcheck Ttotal Status Flags
r-devel-linux-x86_64-debian-clang 2.1-22.1 4.74 49.72 54.46 NOTE
r-devel-linux-x86_64-debian-gcc 2.1-22.1 3.50 38.46 41.96 NOTE
r-devel-linux-x86_64-fedora-clang 2.1-22.1 70.56 OK
r-devel-linux-x86_64-fedora-gcc 2.1-22.1 83.45 OK
r-devel-windows-x86_64 2.1-22.1 5.00 82.00 87.00 NOTE
r-patched-linux-x86_64 2.1-22.1 5.48 48.30 53.78 NOTE
r-release-linux-x86_64 2.1-22.1 4.35 49.56 53.91 NOTE
r-release-macos-arm64 2.1-22.1 35.00 NOTE
r-release-macos-x86_64 2.1-22.1 126.00 NOTE
r-release-windows-x86_64 2.1-22.1 5.00 84.00 89.00 NOTE
r-oldrel-macos-arm64 2.1-22.1 47.00 NOTE
r-oldrel-macos-x86_64 2.1-22.1 131.00 NOTE
r-oldrel-windows-x86_64 2.1-22.1 7.00 79.00 86.00 NOTE

Check Details

Version: 2.1-22.1
Check: R code for possible problems
Result: NOTE Found the following calls to attach(): File ‘R2WinBUGS/R/attach.all.R’: attach(x, name = name) See section ‘Good practice’ in ‘?attach’. Flavors: r-devel-linux-x86_64-debian-clang, r-devel-linux-x86_64-debian-gcc, r-patched-linux-x86_64, r-release-linux-x86_64

Version: 2.1-22.1
Check: package dependencies
Result: NOTE Package suggested but not available for checking: 'BRugs' Flavors: r-devel-windows-x86_64, r-release-macos-arm64, r-release-macos-x86_64, r-release-windows-x86_64, r-oldrel-macos-arm64, r-oldrel-macos-x86_64, r-oldrel-windows-x86_64

Version: 2.1-22.1
Check: Rd cross-references
Result: NOTE Package unavailable to check Rd xrefs: ‘BRugs’ Flavors: r-release-macos-arm64, r-release-macos-x86_64, r-oldrel-macos-arm64, r-oldrel-macos-x86_64