CRAN Package Check Results for Package R2WinBUGS

Last updated on 2019-11-18 22:47:21 CET.

Flavor Version Tinstall Tcheck Ttotal Status Flags
r-devel-linux-x86_64-debian-clang 2.1-21 4.01 40.47 44.48 NOTE
r-devel-linux-x86_64-debian-gcc 2.1-21 3.98 32.52 36.50 NOTE
r-devel-linux-x86_64-fedora-clang 2.1-21 55.47 OK
r-devel-linux-x86_64-fedora-gcc 2.1-21 54.95 OK
r-devel-windows-ix86+x86_64 2.1-21 11.00 74.00 85.00 OK
r-patched-linux-x86_64 2.1-21 3.59 38.85 42.44 NOTE
r-patched-solaris-x86 2.1-21 74.30 NOTE
r-release-linux-x86_64 2.1-21 4.06 38.63 42.69 NOTE
r-release-windows-ix86+x86_64 2.1-21 8.00 76.00 84.00 OK
r-release-osx-x86_64 2.1-21 NOTE
r-oldrel-windows-ix86+x86_64 2.1-21 9.00 74.00 83.00 OK
r-oldrel-osx-x86_64 2.1-21 NOTE

Check Details

Version: 2.1-21
Check: R code for possible problems
Result: NOTE
    Found the following calls to attach():
    File 'R2WinBUGS/R/attach.all.R':
     attach(x, name = name)
    See section 'Good practice' in '?attach'.
Flavors: r-devel-linux-x86_64-debian-clang, r-devel-linux-x86_64-debian-gcc, r-patched-linux-x86_64, r-release-linux-x86_64

Version: 2.1-21
Check: package dependencies
Result: NOTE
    Package suggested but not available for checking: ‘BRugs’
Flavors: r-patched-solaris-x86, r-release-osx-x86_64, r-oldrel-osx-x86_64

Version: 2.1-21
Check: Rd cross-references
Result: NOTE
    Package unavailable to check Rd xrefs: ‘BRugs’
Flavors: r-patched-solaris-x86, r-release-osx-x86_64, r-oldrel-osx-x86_64