Last updated on 2024-04-23 22:55:33 CEST.
Flavor | Version | Tinstall | Tcheck | Ttotal | Status | Flags |
---|---|---|---|---|---|---|
r-devel-linux-x86_64-debian-clang | 0.1.0 | 2.67 | 45.65 | 48.32 | OK | |
r-devel-linux-x86_64-debian-gcc | 0.1.0 | 2.09 | 34.95 | 37.04 | OK | |
r-devel-linux-x86_64-fedora-clang | 0.1.0 | 61.34 | NOTE | |||
r-devel-linux-x86_64-fedora-gcc | 0.1.0 | 66.64 | NOTE | |||
r-prerel-macos-arm64 | 0.1.0 | 28.00 | OK | |||
r-prerel-windows-x86_64 | 0.1.0 | 5.00 | 54.00 | 59.00 | OK | |
r-patched-linux-x86_64 | 0.1.0 | 1.88 | 43.93 | 45.81 | OK | |
r-release-linux-x86_64 | 0.1.0 | 1.71 | 43.53 | 45.24 | OK | |
r-release-macos-arm64 | 0.1.0 | 32.00 | OK | |||
r-release-macos-x86_64 | 0.1.0 | 35.00 | OK | |||
r-release-windows-x86_64 | 0.1.0 | 5.00 | 58.00 | 63.00 | OK | |
r-oldrel-macos-arm64 | 0.1.0 | 22.00 | NOTE | |||
r-oldrel-windows-x86_64 | 0.1.0 | 5.00 | 62.00 | 67.00 | OK |
Version: 0.1.0
Check: dependencies in R code
Result: NOTE
Namespace in Imports field not imported from: ‘gridExtra’
All declared Imports should be used.
Flavors: r-devel-linux-x86_64-fedora-clang, r-devel-linux-x86_64-fedora-gcc, r-oldrel-macos-arm64