Last updated on 2024-04-23 22:55:33 CEST.
Flavor | Version | Tinstall | Tcheck | Ttotal | Status | Flags |
---|---|---|---|---|---|---|
r-devel-linux-x86_64-debian-clang | 0.4 | 4.16 | 48.91 | 53.07 | NOTE | |
r-devel-linux-x86_64-debian-gcc | 0.4 | 3.12 | 37.13 | 40.25 | NOTE | |
r-devel-linux-x86_64-fedora-clang | 0.4 | 64.75 | NOTE | |||
r-devel-linux-x86_64-fedora-gcc | 0.4 | 62.99 | NOTE | |||
r-prerel-macos-arm64 | 0.4 | 27.00 | OK | |||
r-prerel-windows-x86_64 | 0.4 | 5.00 | 67.00 | 72.00 | OK | |
r-patched-linux-x86_64 | 0.4 | 3.05 | 48.23 | 51.28 | NOTE | |
r-release-linux-x86_64 | 0.4 | 2.33 | 48.87 | 51.20 | NOTE | |
r-release-macos-arm64 | 0.4 | 25.00 | OK | |||
r-release-macos-x86_64 | 0.4 | 43.00 | OK | |||
r-release-windows-x86_64 | 0.4 | 6.00 | 70.00 | 76.00 | OK | |
r-oldrel-macos-arm64 | 0.4 | 27.00 | OK | |||
r-oldrel-windows-x86_64 | 0.4 | 6.00 | 71.00 | 77.00 | OK |
Version: 0.4
Check: for non-standard things in the check directory
Result: NOTE
Found the following files/directories:
‘data.csv’
Flavors: r-devel-linux-x86_64-debian-clang, r-devel-linux-x86_64-debian-gcc, r-devel-linux-x86_64-fedora-clang, r-devel-linux-x86_64-fedora-gcc, r-patched-linux-x86_64, r-release-linux-x86_64