Last updated on 2021-03-03 22:51:25 CET.
Flavor | Version | Tinstall | Tcheck | Ttotal | Status | Flags |
---|---|---|---|---|---|---|
r-devel-linux-x86_64-debian-clang | 1.6.6 | 4.97 | 193.81 | 198.78 | OK | |
r-devel-linux-x86_64-debian-gcc | 1.6.6 | 4.17 | 140.39 | 144.56 | OK | |
r-devel-linux-x86_64-fedora-clang | 1.6.6 | 233.72 | OK | |||
r-devel-linux-x86_64-fedora-gcc | 1.6.6 | 238.72 | OK | |||
r-devel-windows-ix86+x86_64 | 1.6.6 | 16.00 | 274.00 | 290.00 | OK | |
r-patched-linux-x86_64 | 1.6.6 | 5.22 | 186.35 | 191.57 | OK | |
r-patched-solaris-x86 | 1.6.6 | 423.90 | ERROR | |||
r-release-linux-x86_64 | 1.6.6 | 4.92 | 182.08 | 187.00 | OK | |
r-release-macos-x86_64 | 1.6.6 | OK | ||||
r-release-windows-ix86+x86_64 | 1.6.6 | 16.00 | 282.00 | 298.00 | OK | |
r-oldrel-macos-x86_64 | 1.6.6 | OK | ||||
r-oldrel-windows-ix86+x86_64 | 1.6.6 | 12.00 | 284.00 | 296.00 | OK |
Version: 1.6.6
Check: examples
Result: ERROR
Running examples in ‘RCzechia-Ex.R’ failed
The error most likely occurred in:
> ### Name: kraje
> ### Title: Regions (kraje) of the Czech Republic
> ### Aliases: kraje
>
> ### ** Examples
>
> library(sf)
>
> hranice <- kraje()
Error in curl::curl_fetch_memory(url, handle = handle) :
Timeout was reached: [rczechia.jla-data.net] Resolving timed out after 10000 milliseconds
Calls: kraje ... request_fetch -> request_fetch.write_memory -> <Anonymous>
Execution halted
Flavor: r-patched-solaris-x86