CRAN Package Check Results for Package RDML

Last updated on 2021-03-04 22:54:07 CET.

Flavor Version Tinstall Tcheck Ttotal Status Flags
r-devel-linux-x86_64-debian-clang 1.0 30.24 60.61 90.85 NOTE
r-devel-linux-x86_64-debian-gcc 1.0 27.52 45.80 73.32 NOTE
r-devel-linux-x86_64-fedora-clang 1.0 134.44 NOTE
r-devel-linux-x86_64-fedora-gcc 1.0 117.36 NOTE
r-devel-windows-ix86+x86_64 1.0 42.00 80.00 122.00 OK
r-patched-linux-x86_64 1.0 NOTE
r-patched-solaris-x86 1.0 149.80 NOTE
r-release-linux-x86_64 1.0 30.32 57.26 87.58 NOTE
r-release-macos-x86_64 1.0 OK
r-release-windows-ix86+x86_64 1.0 37.00 66.00 103.00 OK
r-oldrel-macos-x86_64 1.0 OK
r-oldrel-windows-ix86+x86_64 1.0 50.00 79.00 129.00 OK

Check Details

Version: 1.0
Check: package dependencies
Result: NOTE
    Packages suggested but not available for checking: 'chipPCR', 'MBmca'
Flavors: r-devel-linux-x86_64-debian-clang, r-devel-linux-x86_64-debian-gcc, r-devel-linux-x86_64-fedora-clang, r-devel-linux-x86_64-fedora-gcc, r-patched-linux-x86_64, r-patched-solaris-x86, r-release-linux-x86_64