CRAN Package Check Results for Package RDS

Last updated on 2019-08-18 22:47:05 CEST.

Flavor Version Tinstall Tcheck Ttotal Status Flags
r-devel-linux-x86_64-debian-clang 0.9-0 20.83 163.00 183.83 OK
r-devel-linux-x86_64-debian-gcc 0.9-0 19.47 123.89 143.36 OK
r-devel-linux-x86_64-fedora-clang 0.9-0 217.96 OK
r-devel-linux-x86_64-fedora-gcc 0.9-0 220.86 OK
r-devel-windows-ix86+x86_64 0.9-0 70.00 323.00 393.00 OK
r-patched-linux-x86_64 0.9-0 22.16 159.70 181.86 OK
r-patched-solaris-x86 0.9-0 326.10 OK
r-release-linux-x86_64 0.9-0 23.06 158.69 181.75 OK
r-release-windows-ix86+x86_64 0.9-0 47.00 222.00 269.00 OK
r-release-osx-x86_64 0.9-0 OK
r-oldrel-windows-ix86+x86_64 0.9-0 59.00 307.00 366.00 OK
r-oldrel-osx-x86_64 0.9-0 ERROR

Check Details

Version: 0.9-0
Check: tests
Result: ERROR
     Running ‘tests.R’ [8s/8s]
    Running the tests in ‘tests/tests.R’ failed.
    Last 13 lines of output:
     500L, integer(0), 501L, integer(0), integer(0))), class = "network"), list("disease",
     levels2 = c(1, 3)), role = "target")
     11: check.ErgmTerm(nw, arglist, varnames = c("attrname", "base", "b1levels", "b2levels"),
     vartypes = c("character", "numeric", "character,numeric,logical", "character,numeric,logical"),
     defaultvalues = list(NULL, NULL, NULL, NULL), required = c(TRUE, FALSE, FALSE,
     FALSE))
     12: ergm_Init_abort("Model term does not recognize ", sQuote(name), " argument.")
     13: abort(paste0("In ", NVL(loc, default.loc, "unknown function"), ": ", ...))
    
     ══ testthat results ═══════════════════════════════════════════════════════════
     [ OK: 24 | SKIPPED: 0 | WARNINGS: 0 | FAILED: 1 ]
     1. Error: rds-MA (@test-estimators.R#31)
    
     Error: testthat unit tests failed
     Execution halted
Flavor: r-oldrel-osx-x86_64