Last updated on 2024-04-18 22:52:55 CEST.
Flavor | Version | Tinstall | Tcheck | Ttotal | Status | Flags |
---|---|---|---|---|---|---|
r-devel-linux-x86_64-debian-clang | 3.0.3 | 8.31 | 75.72 | 84.03 | NOTE | |
r-devel-linux-x86_64-debian-gcc | 3.0.3 | 4.99 | 55.18 | 60.17 | NOTE | |
r-devel-linux-x86_64-fedora-clang | 3.0.3 | 101.72 | NOTE | |||
r-devel-linux-x86_64-fedora-gcc | 3.0.3 | 96.07 | NOTE | |||
r-prerel-macos-arm64 | 3.0.3 | 26.00 | NOTE | |||
r-prerel-windows-x86_64 | 3.0.3 | 9.00 | 90.00 | 99.00 | NOTE | |
r-patched-linux-x86_64 | 3.0.3 | 9.77 | 69.58 | 79.35 | NOTE | |
r-release-linux-x86_64 | 3.0.3 | 9.03 | 72.43 | 81.46 | OK | |
r-release-macos-arm64 | 3.0.3 | 28.00 | OK | |||
r-release-macos-x86_64 | 3.0.3 | 41.00 | OK | |||
r-release-windows-x86_64 | 3.0.3 | 10.00 | 103.00 | 113.00 | OK | |
r-oldrel-macos-arm64 | 3.0.3 | 27.00 | OK | |||
r-oldrel-windows-x86_64 | 3.0.3 | 17.00 | 95.00 | 112.00 | OK |
Version: 3.0.3
Check: Rd files
Result: NOTE
checkRd: (-1) Automotive.Rd:29: Lost braces
29 | Wikipedia (2018): \dQuote{Automobilindustrie --- Wikipedia{,} Die freie Enzyklopaedie}. \url{https://de.wikipedia.org/wiki/Automobilindustrie} (accessed October 14, 2018). Own postprocessing.
| ^
checkRd: (-1) Automotive.Rd:33: Lost braces
33 | Wikipedia (2018): \dQuote{Automobilindustrie --- Wikipedia{,} Die freie Enzyklopaedie}. \url{https://de.wikipedia.org/wiki/Automobilindustrie} (accessed October 14, 2018).
| ^
Flavors: r-devel-linux-x86_64-debian-clang, r-devel-linux-x86_64-debian-gcc, r-devel-linux-x86_64-fedora-clang, r-devel-linux-x86_64-fedora-gcc, r-prerel-macos-arm64, r-prerel-windows-x86_64, r-patched-linux-x86_64
Version: 3.0.3
Check: data for non-ASCII characters
Result: NOTE
Note: found 8 marked UTF-8 strings
Flavors: r-devel-linux-x86_64-fedora-clang, r-devel-linux-x86_64-fedora-gcc