CRAN Package Check Results for Package REREFACT

Last updated on 2019-07-18 22:53:18 CEST.

Flavor Version Tinstall Tcheck Ttotal Status Flags
r-devel-linux-x86_64-debian-clang 1.0 6.72 67.44 74.16 NOTE
r-devel-linux-x86_64-debian-gcc 1.0 7.00 54.49 61.49 NOTE
r-devel-linux-x86_64-fedora-clang 1.0 90.03 NOTE
r-devel-linux-x86_64-fedora-gcc 1.0 88.56 NOTE
r-devel-windows-ix86+x86_64 1.0 21.00 78.00 99.00 OK
r-patched-linux-x86_64 1.0 7.89 67.56 75.45 OK
r-patched-solaris-x86 1.0 133.90 OK
r-release-linux-x86_64 1.0 7.92 67.44 75.36 OK
r-release-windows-ix86+x86_64 1.0 15.00 109.00 124.00 OK
r-release-osx-x86_64 1.0 OK
r-oldrel-windows-ix86+x86_64 1.0 9.00 99.00 108.00 OK
r-oldrel-osx-x86_64 1.0 OK

Check Details

Version: 1.0
Check: for non-standard things in the check directory
Result: NOTE
    Found the following files/directories:
     'P.csv' 'correct_alpha.csv' 'correct_beta.csv' 'correct_gamma.csv'
     'correct_lambda.csv' 'correct_perm_list.csv' 'correct_psi.csv'
Flavors: r-devel-linux-x86_64-debian-clang, r-devel-linux-x86_64-debian-gcc, r-devel-linux-x86_64-fedora-clang, r-devel-linux-x86_64-fedora-gcc