CRAN Package Check Results for Package REREFACT

Last updated on 2019-10-16 22:56:08 CEST.

Flavor Version Tinstall Tcheck Ttotal Status Flags
r-devel-linux-x86_64-debian-clang 1.0 7.60 68.84 76.44 NOTE
r-devel-linux-x86_64-debian-gcc 1.0 6.04 53.60 59.64 NOTE
r-devel-linux-x86_64-fedora-clang 1.0 91.87 NOTE
r-devel-linux-x86_64-fedora-gcc 1.0 92.34 NOTE
r-devel-windows-ix86+x86_64 1.0 20.00 75.00 95.00 OK
r-patched-linux-x86_64 1.0 7.43 66.46 73.89 OK
r-patched-solaris-x86 1.0 127.70 OK
r-release-linux-x86_64 1.0 6.80 67.35 74.15 OK
r-release-windows-ix86+x86_64 1.0 15.00 111.00 126.00 OK
r-release-osx-x86_64 1.0 OK
r-oldrel-windows-ix86+x86_64 1.0 9.00 77.00 86.00 OK
r-oldrel-osx-x86_64 1.0 OK

Check Details

Version: 1.0
Check: for non-standard things in the check directory
Result: NOTE
    Found the following files/directories:
     'P.csv' 'correct_alpha.csv' 'correct_beta.csv' 'correct_gamma.csv'
     'correct_lambda.csv' 'correct_perm_list.csv' 'correct_psi.csv'
Flavors: r-devel-linux-x86_64-debian-clang, r-devel-linux-x86_64-debian-gcc, r-devel-linux-x86_64-fedora-clang, r-devel-linux-x86_64-fedora-gcc