CRAN Package Check Results for Package RGraphics

Last updated on 2020-06-02 22:48:58 CEST.

Flavor Version Tinstall Tcheck Ttotal Status Flags
r-devel-linux-x86_64-debian-clang 3.0-1 12.91 72.56 85.47 OK
r-devel-linux-x86_64-debian-gcc 3.0-1 8.54 54.57 63.11 OK
r-devel-linux-x86_64-fedora-clang 3.0-1 106.84 OK
r-devel-linux-x86_64-fedora-gcc 3.0-1 97.92 OK
r-devel-windows-ix86+x86_64 3.0-1 31.00 141.00 172.00 OK
r-patched-linux-x86_64 3.0-1 12.57 71.20 83.77 OK
r-patched-solaris-x86 3.0-1 140.70 NOTE
r-release-linux-x86_64 3.0-1 13.45 70.90 84.35 OK
r-release-osx-x86_64 3.0-1 OK
r-release-windows-ix86+x86_64 3.0-1 24.00 73.00 97.00 OK
r-oldrel-osx-x86_64 3.0-1 OK
r-oldrel-windows-ix86+x86_64 3.0-1 20.00 82.00 102.00 OK

Check Details

Version: 3.0-1
Check: package dependencies
Result: NOTE
    Package suggested but not available for checking: ‘rsvg’
Flavor: r-patched-solaris-x86