CRAN Package Check Results for Package RGraphics

Last updated on 2019-07-21 22:50:04 CEST.

Flavor Version Tinstall Tcheck Ttotal Status Flags
r-devel-linux-x86_64-debian-clang 2.0-14 9.41 65.09 74.50 NOTE
r-devel-linux-x86_64-debian-gcc 2.0-14 8.83 51.06 59.89 NOTE
r-devel-linux-x86_64-fedora-clang 2.0-14 89.46 NOTE
r-devel-linux-x86_64-fedora-gcc 2.0-14 86.71 NOTE
r-devel-windows-ix86+x86_64 2.0-14 20.00 105.00 125.00 NOTE
r-patched-linux-x86_64 2.0-14 10.87 64.28 75.15 NOTE
r-patched-solaris-x86 2.0-14 129.80 NOTE
r-release-linux-x86_64 2.0-14 9.40 64.18 73.58 NOTE
r-release-windows-ix86+x86_64 2.0-14 16.00 78.00 94.00 NOTE
r-release-osx-x86_64 2.0-14 FAIL
r-oldrel-windows-ix86+x86_64 2.0-14 23.00 101.00 124.00 NOTE
r-oldrel-osx-x86_64 2.0-14 NOTE

Check Details

Version: 2.0-14
Check: package dependencies
Result: NOTE
    Packages suggested but not available for checking:
     'playwith', 'pmg', 'SVGAnnotation'
Flavors: r-devel-linux-x86_64-debian-clang, r-devel-linux-x86_64-debian-gcc, r-patched-linux-x86_64, r-release-linux-x86_64

Version: 2.0-14
Check: package dependencies
Result: NOTE
    Packages suggested but not available for checking: 'playwith', 'pmg'
Flavors: r-devel-linux-x86_64-fedora-clang, r-devel-linux-x86_64-fedora-gcc

Version: 2.0-14
Check: installed package size
Result: NOTE
     installed size is 9.9Mb
     sub-directories of 1Mb or more:
     extra 9.4Mb
Flavors: r-devel-linux-x86_64-fedora-clang, r-devel-windows-ix86+x86_64, r-patched-solaris-x86, r-release-windows-ix86+x86_64, r-release-osx-x86_64, r-oldrel-windows-ix86+x86_64, r-oldrel-osx-x86_64

Version: 2.0-14
Check: package dependencies
Result: NOTE
    Packages suggested but not available for checking: 'pmg', 'SVGAnnotation'
Flavors: r-devel-windows-ix86+x86_64, r-release-windows-ix86+x86_64

Version: 2.0-14
Check: package dependencies
Result: NOTE
    Packages suggested but not available for checking:
     'playwith', 'pmg', 'rggobi', 'SVGAnnotation'
Flavor: r-patched-solaris-x86

Version: 2.0-14
Check: package dependencies
Result: NOTE
    Packages suggested but not available for checking:
     'graph', 'gWidgetsRGtk2', 'hyperdraw', 'hypergraph', 'playwith',
     'pmg', 'rggobi', 'Rgraphviz', 'SVGAnnotation'
Flavor: r-release-osx-x86_64

Version: 2.0-14
Check: dependencies in R code
Result: FAIL
    
Flavor: r-release-osx-x86_64

Version: 2.0-14
Check: package dependencies
Result: NOTE
    Packages suggested but not available for checking: 'pmg' 'SVGAnnotation'
Flavor: r-oldrel-windows-ix86+x86_64

Version: 2.0-14
Check: package dependencies
Result: NOTE
    Packages suggested but not available for checking:
     ‘gWidgetsRGtk2’ ‘hyperdraw’ ‘hypergraph’ ‘playwith’ ‘pmg’ ‘rggobi’
     ‘SVGAnnotation’
Flavor: r-oldrel-osx-x86_64