CRAN Package Check Results for Package RGreenplum

Last updated on 2023-06-04 23:00:10 CEST.

Flavor Version Tinstall Tcheck Ttotal Status Flags
r-devel-linux-x86_64-debian-clang 0.1.2 7.78 46.07 53.85 NOTE
r-devel-linux-x86_64-debian-gcc 0.1.2 5.45 35.44 40.89 NOTE
r-devel-linux-x86_64-fedora-clang 0.1.2 65.94 NOTE
r-devel-linux-x86_64-fedora-gcc 0.1.2 69.96 NOTE
r-devel-windows-x86_64 0.1.2 8.00 54.00 62.00 NOTE
r-patched-linux-x86_64 0.1.2 7.01 43.86 50.87 NOTE
r-release-linux-x86_64 0.1.2 7.23 44.33 51.56 NOTE
r-release-macos-arm64 0.1.2 23.00 NOTE
r-release-macos-x86_64 0.1.2 32.00 NOTE
r-release-windows-x86_64 0.1.2 10.00 57.00 67.00 NOTE
r-oldrel-macos-arm64 0.1.2 21.00 NOTE
r-oldrel-macos-x86_64 0.1.2 33.00 NOTE
r-oldrel-windows-x86_64 0.1.2 11.00 63.00 74.00 NOTE

Check Details

Version: 0.1.2
Check: LazyData
Result: NOTE
     'LazyData' is specified without a 'data' directory
Flavors: r-devel-linux-x86_64-debian-clang, r-devel-linux-x86_64-debian-gcc, r-devel-linux-x86_64-fedora-clang, r-devel-linux-x86_64-fedora-gcc, r-devel-windows-x86_64, r-patched-linux-x86_64, r-release-linux-x86_64, r-release-macos-arm64, r-release-macos-x86_64, r-release-windows-x86_64, r-oldrel-macos-arm64, r-oldrel-macos-x86_64, r-oldrel-windows-x86_64