CRAN Package Check Results for Package RGreenplum

Last updated on 2024-06-23 22:48:39 CEST.

Flavor Version Tinstall Tcheck Ttotal Status Flags
r-devel-linux-x86_64-debian-clang 0.1.2 6.44 43.20 49.64 NOTE
r-devel-linux-x86_64-debian-gcc 0.1.2 5.36 33.44 38.80 NOTE
r-devel-linux-x86_64-fedora-clang 0.1.2 61.77 NOTE
r-devel-linux-x86_64-fedora-gcc 0.1.2 58.37 NOTE
r-devel-windows-x86_64 0.1.2 6.00 52.00 58.00 NOTE
r-patched-linux-x86_64 0.1.2 6.43 41.44 47.87 NOTE
r-release-linux-x86_64 0.1.2 5.31 41.84 47.15 NOTE
r-release-macos-arm64 0.1.2 22.00 NOTE
r-release-macos-x86_64 0.1.2 32.00 NOTE
r-release-windows-x86_64 0.1.2 6.00 53.00 59.00 NOTE
r-oldrel-macos-arm64 0.1.2 23.00 NOTE
r-oldrel-macos-x86_64 0.1.2 32.00 NOTE
r-oldrel-windows-x86_64 0.1.2 9.00 58.00 67.00 NOTE

Check Details

Version: 0.1.2
Check: LazyData
Result: NOTE 'LazyData' is specified without a 'data' directory Flavors: r-devel-linux-x86_64-debian-clang, r-devel-linux-x86_64-debian-gcc, r-devel-linux-x86_64-fedora-clang, r-devel-linux-x86_64-fedora-gcc, r-devel-windows-x86_64, r-patched-linux-x86_64, r-release-linux-x86_64, r-release-macos-arm64, r-release-macos-x86_64, r-release-windows-x86_64, r-oldrel-macos-arm64, r-oldrel-macos-x86_64, r-oldrel-windows-x86_64