CRAN Package Check Results for Package RI2by2

Last updated on 2019-07-16 07:51:01 CEST.

Flavor Version Tinstall Tcheck Ttotal Status Flags
r-devel-linux-x86_64-debian-clang 1.3 16.85 27.08 43.93 OK
r-devel-linux-x86_64-debian-gcc 1.3 12.50 22.38 34.88 OK
r-devel-linux-x86_64-fedora-clang 1.3 59.81 NOTE
r-devel-linux-x86_64-fedora-gcc 1.3 56.10 NOTE
r-devel-windows-ix86+x86_64 1.3 42.00 69.00 111.00 OK
r-patched-linux-x86_64 1.3 15.14 27.19 42.33 OK
r-patched-solaris-x86 1.3 77.60 OK
r-release-linux-x86_64 1.3 14.48 27.72 42.20 OK
r-release-windows-ix86+x86_64 1.3 35.00 94.00 129.00 OK
r-release-osx-x86_64 1.3 OK
r-oldrel-windows-ix86+x86_64 1.3 45.00 82.00 127.00 OK
r-oldrel-osx-x86_64 1.3 OK

Check Details

Version: 1.3
Check: compiled code
Result: NOTE
    File ‘RI2by2/libs/RI2by2.so’:
     Found no calls to: ‘R_registerRoutines’, ‘R_useDynamicSymbols’
    
    It is good practice to register native routines and to disable symbol
    search.
    
    See ‘Writing portable packages’ in the ‘Writing R Extensions’ manual.
Flavors: r-devel-linux-x86_64-fedora-clang, r-devel-linux-x86_64-fedora-gcc