CRAN Package Check Results for Package RI2by2

Last updated on 2019-10-16 22:56:08 CEST.

Flavor Version Tinstall Tcheck Ttotal Status Flags
r-devel-linux-x86_64-debian-clang 1.3 17.85 26.45 44.30 OK
r-devel-linux-x86_64-debian-gcc 1.3 13.59 22.36 35.95 OK
r-devel-linux-x86_64-fedora-clang 1.3 62.21 NOTE
r-devel-linux-x86_64-fedora-gcc 1.3 57.93 NOTE
r-devel-windows-ix86+x86_64 1.3 48.00 66.00 114.00 OK
r-patched-linux-x86_64 1.3 15.30 27.18 42.48 OK
r-patched-solaris-x86 1.3 75.30 OK
r-release-linux-x86_64 1.3 14.28 27.08 41.36 OK
r-release-windows-ix86+x86_64 1.3 30.00 100.00 130.00 OK
r-release-osx-x86_64 1.3 OK
r-oldrel-windows-ix86+x86_64 1.3 31.00 65.00 96.00 OK
r-oldrel-osx-x86_64 1.3 OK

Check Details

Version: 1.3
Check: compiled code
Result: NOTE
    File ‘RI2by2/libs/RI2by2.so’:
     Found no calls to: ‘R_registerRoutines’, ‘R_useDynamicSymbols’
    
    It is good practice to register native routines and to disable symbol
    search.
    
    See ‘Writing portable packages’ in the ‘Writing R Extensions’ manual.
Flavors: r-devel-linux-x86_64-fedora-clang, r-devel-linux-x86_64-fedora-gcc