CRAN Package Check Results for Package RJaCGH

Last updated on 2018-06-24 22:49:35 CEST.

Flavor Version Tinstall Tcheck Ttotal Status Flags
r-devel-linux-x86_64-debian-clang 2.0.4 9.74 70.83 80.57 WARN
r-devel-linux-x86_64-debian-gcc 2.0.4 7.35 55.42 62.77 NOTE
r-devel-linux-x86_64-fedora-clang 2.0.4 96.66 WARN
r-devel-linux-x86_64-fedora-gcc 2.0.4 92.10 NOTE
r-devel-windows-ix86+x86_64 2.0.4 22.00 129.00 151.00 OK
r-patched-linux-x86_64 2.0.4 10.22 69.09 79.31 NOTE
r-patched-solaris-x86 2.0.4 125.60 OK
r-release-linux-x86_64 2.0.4 9.55 69.02 78.57 NOTE
r-release-windows-ix86+x86_64 2.0.4 21.00 124.00 145.00 OK
r-release-osx-x86_64 2.0.4 WARN
r-oldrel-windows-ix86+x86_64 2.0.4 13.00 129.00 142.00 OK
r-oldrel-osx-x86_64 2.0.4 OK

Check Details

Version: 2.0.4
Check: whether package can be installed
Result: WARN
    Found the following significant warnings:
     nnhl.c:3211:13: warning: explicitly assigning value of variable of type 'double *' to itself [-Wself-assign]
     nnhl.c:3211:18: warning: explicitly assigning value of variable of type 'double *' to itself [-Wself-assign]
     nnhl.c:3211:30: warning: explicitly assigning value of variable of type 'int *' to itself [-Wself-assign]
     nnhl.c:3211:47: warning: explicitly assigning value of variable of type 'int *' to itself [-Wself-assign]
     nnhl.c:3212:10: warning: explicitly assigning value of variable of type 'int *' to itself [-Wself-assign]
     nnhl.c:3212:22: warning: explicitly assigning value of variable of type 'int *' to itself [-Wself-assign]
     nnhl.c:3212:30: warning: explicitly assigning value of variable of type 'int *' to itself [-Wself-assign]
     nnhl.c:3212:40: warning: explicitly assigning value of variable of type 'int *' to itself [-Wself-assign]
     nnhl.c:3213:10: warning: explicitly assigning value of variable of type 'int *' to itself [-Wself-assign]
     nnhl.c:3214:10: warning: explicitly assigning value of variable of type 'int *' to itself [-Wself-assign]
     nnhl.c:3214:23: warning: explicitly assigning value of variable of type 'int *' to itself [-Wself-assign]
     nnhl.c:3214:36: warning: explicitly assigning value of variable of type 'int *' to itself [-Wself-assign]
     nnhl.c:3214:49: warning: explicitly assigning value of variable of type 'int *' to itself [-Wself-assign]
     nnhl.c:3214:62: warning: explicitly assigning value of variable of type 'double *' to itself [-Wself-assign]
     nnhl.c:3215:7: warning: explicitly assigning value of variable of type 'double *' to itself [-Wself-assign]
     nnhl.c:3215:14: warning: explicitly assigning value of variable of type 'double *' to itself [-Wself-assign]
     nnhl.c:3215:25: warning: explicitly assigning value of variable of type 'double *' to itself [-Wself-assign]
     nnhl.c:3215:40: warning: explicitly assigning value of variable of type 'double *' to itself [-Wself-assign]
     nnhl.c:3216:7: warning: explicitly assigning value of variable of type 'double *' to itself [-Wself-assign]
     nnhl.c:3216:14: warning: explicitly assigning value of variable of type 'double *' to itself [-Wself-assign]
     nnhl.c:3216:25: warning: explicitly assigning value of variable of type 'double *' to itself [-Wself-assign]
     nnhl.c:3217:15: warning: explicitly assigning value of variable of type 'double *' to itself [-Wself-assign]
     nnhl.c:3218:13: warning: explicitly assigning value of variable of type 'double *' to itself [-Wself-assign]
     nnhl.c:3219:15: warning: explicitly assigning value of variable of type 'double *' to itself [-Wself-assign]
     nnhl.c:3219:42: warning: explicitly assigning value of variable of type 'double *' to itself [-Wself-assign]
     nnhl.c:3220:17: warning: explicitly assigning value of variable of type 'double *' to itself [-Wself-assign]
     nnhl.c:3220:42: warning: explicitly assigning value of variable of type 'double *' to itself [-Wself-assign]
     nnhl.c:3221:17: warning: explicitly assigning value of variable of type 'double *' to itself [-Wself-assign]
     nnhl.c:3222:14: warning: explicitly assigning value of variable of type 'double *' to itself [-Wself-assign]
     nnhl.c:3222:39: warning: explicitly assigning value of variable of type 'double *' to itself [-Wself-assign]
     nnhl.c:3223:16: warning: explicitly assigning value of variable of type 'double *' to itself [-Wself-assign]
     nnhl.c:3223:38: warning: explicitly assigning value of variable of type 'int *' to itself [-Wself-assign]
     nnhl.c:3224:22: warning: explicitly assigning value of variable of type 'double *' to itself [-Wself-assign]
     nnhl.c:3224:46: warning: explicitly assigning value of variable of type 'double *' to itself [-Wself-assign]
     nnhl.c:3225:11: warning: explicitly assigning value of variable of type 'int *' to itself [-Wself-assign]
     nnhl.c:3225:22: warning: explicitly assigning value of variable of type 'int *' to itself [-Wself-assign]
     nnhl.c:3225:33: warning: explicitly assigning value of variable of type 'double *' to itself [-Wself-assign]
     nnhl.c:3226:7: warning: explicitly assigning value of variable of type 'int *' to itself [-Wself-assign]
     nnhl.c:3226:16: warning: explicitly assigning value of variable of type 'double *' to itself [-Wself-assign]
Flavors: r-devel-linux-x86_64-debian-clang, r-devel-linux-x86_64-fedora-clang, r-release-osx-x86_64

Version: 2.0.4
Check: compiled code
Result: NOTE
    File ‘RJaCGH/libs/RJaCGH.so’:
     Found no calls to: ‘R_registerRoutines’, ‘R_useDynamicSymbols’
    
    It is good practice to register native routines and to disable symbol
    search.
    
    See ‘Writing portable packages’ in the ‘Writing R Extensions’ manual.
Flavors: r-devel-linux-x86_64-debian-clang, r-devel-linux-x86_64-debian-gcc, r-devel-linux-x86_64-fedora-clang, r-devel-linux-x86_64-fedora-gcc, r-patched-linux-x86_64, r-release-linux-x86_64