CRAN Package Check Results for Package RJaCGH

Last updated on 2017-11-22 22:57:46 CET.

Flavor Version Tinstall Tcheck Ttotal Status Flags
r-devel-linux-x86_64-debian-clang 2.0.4 3.84 46.23 50.07 NOTE
r-devel-linux-x86_64-debian-gcc 2.0.4 6.21 90.86 97.07 NOTE
r-devel-linux-x86_64-fedora-clang 2.0.4 89.50 NOTE
r-devel-linux-x86_64-fedora-gcc 2.0.4 87.38 NOTE
r-devel-windows-ix86+x86_64 2.0.4 20.00 127.00 147.00 OK
r-patched-linux-x86_64 2.0.4 4.51 53.14 57.64 NOTE
r-patched-solaris-x86 2.0.4 111.90 OK
r-release-linux-x86_64 2.0.4 4.72 50.25 54.97 NOTE
r-release-windows-ix86+x86_64 2.0.4 13.00 129.00 142.00 OK
r-release-osx-x86_64 2.0.4 OK
r-oldrel-windows-ix86+x86_64 2.0.4 13.00 113.00 126.00 OK
r-oldrel-osx-x86_64 2.0.4 OK

Check Details

Version: 2.0.4
Check: compiled code
Result: NOTE
    File ‘RJaCGH/libs/RJaCGH.so’:
     Found no calls to: ‘R_registerRoutines’, ‘R_useDynamicSymbols’
    
    It is good practice to register native routines and to disable symbol
    search.
    
    See ‘Writing portable packages’ in the ‘Writing R Extensions’ manual.
Flavors: r-devel-linux-x86_64-debian-clang, r-devel-linux-x86_64-debian-gcc, r-devel-linux-x86_64-fedora-clang, r-devel-linux-x86_64-fedora-gcc, r-patched-linux-x86_64, r-release-linux-x86_64