Last updated on 2023-06-07 22:02:53 CEST.
Flavor | Version | Tinstall | Tcheck | Ttotal | Status | Flags |
---|---|---|---|---|---|---|
r-devel-linux-x86_64-debian-clang | 3.2.4 | 132.49 | 59.82 | 192.31 | NOTE | |
r-devel-linux-x86_64-debian-gcc | 3.2.4 | 95.41 | 45.21 | 140.62 | NOTE | |
r-devel-linux-x86_64-fedora-clang | 3.2.4 | 285.44 | NOTE | |||
r-devel-linux-x86_64-fedora-gcc | 3.2.4 | 280.19 | NOTE | |||
r-devel-windows-x86_64 | 3.2.4 | 96.00 | 95.00 | 191.00 | NOTE | |
r-patched-linux-x86_64 | 3.2.4 | 76.52 | 56.92 | 133.44 | NOTE | |
r-release-linux-x86_64 | 3.2.4 | 75.53 | 56.28 | 131.81 | NOTE | |
r-release-macos-arm64 | 3.2.4 | 74.00 | NOTE | |||
r-release-macos-x86_64 | 3.2.4 | 110.00 | NOTE | |||
r-release-windows-x86_64 | 3.2.4 | 121.00 | 98.00 | 219.00 | NOTE | |
r-oldrel-macos-arm64 | 3.2.4 | 56.00 | OK | |||
r-oldrel-macos-x86_64 | 3.2.4 | 78.00 | OK | |||
r-oldrel-windows-x86_64 | 3.2.4 | 117.00 | 96.00 | 213.00 | OK |
Version: 3.2.4
Check: C++ specification
Result: NOTE
Specified C++11: please drop specification unless essential
Flavors: r-devel-linux-x86_64-debian-clang, r-devel-linux-x86_64-debian-gcc, r-devel-linux-x86_64-fedora-clang, r-devel-linux-x86_64-fedora-gcc, r-devel-windows-x86_64, r-patched-linux-x86_64, r-release-linux-x86_64, r-release-macos-arm64, r-release-macos-x86_64, r-release-windows-x86_64