CRAN Package Check Results for Package RKEAjars

Last updated on 2018-10-16 22:56:36 CEST.

Flavor Version Tinstall Tcheck Ttotal Status Flags
r-devel-linux-x86_64-debian-clang 5.0-3 3.30 25.98 29.28 OK
r-devel-linux-x86_64-debian-gcc 5.0-3 2.35 20.61 22.96 OK
r-devel-linux-x86_64-fedora-clang 5.0-3 32.95 NOTE
r-devel-linux-x86_64-fedora-gcc 5.0-3 31.80 OK
r-devel-windows-ix86+x86_64 5.0-3 8.00 46.00 54.00 NOTE
r-patched-linux-x86_64 5.0-3 2.48 21.36 23.84 OK
r-patched-solaris-x86 5.0-3 38.50 NOTE
r-release-linux-x86_64 5.0-3 2.47 21.67 24.14 OK
r-release-windows-ix86+x86_64 5.0-3 6.00 31.00 37.00 NOTE
r-release-osx-x86_64 5.0-3 NOTE
r-oldrel-windows-ix86+x86_64 5.0-3 8.00 38.00 46.00 NOTE
r-oldrel-osx-x86_64 5.0-3 NOTE

Check Details

Version: 5.0-3
Check: installed package size
Result: NOTE
     installed size is 10.9Mb
     sub-directories of 1Mb or more:
     java 10.8Mb
Flavors: r-devel-linux-x86_64-fedora-clang, r-devel-windows-ix86+x86_64, r-patched-solaris-x86, r-release-windows-ix86+x86_64, r-release-osx-x86_64, r-oldrel-windows-ix86+x86_64, r-oldrel-osx-x86_64