CRAN Package Check Results for Package RKEAjars

Last updated on 2017-12-15 22:48:03 CET.

Flavor Version Tinstall Tcheck Ttotal Status Flags
r-devel-linux-x86_64-debian-clang 5.0-3 2.21 21.17 23.38 OK
r-devel-linux-x86_64-debian-gcc 5.0-3 2.08 17.80 19.88 OK
r-devel-linux-x86_64-fedora-clang 5.0-3 30.10 NOTE
r-devel-linux-x86_64-fedora-gcc 5.0-3 27.76 NOTE
r-devel-windows-ix86+x86_64 5.0-3 8.00 39.00 47.00 NOTE
r-patched-linux-x86_64 5.0-3 2.53 21.44 23.97 OK
r-patched-solaris-x86 5.0-3 38.40 NOTE
r-release-linux-x86_64 5.0-3 2.98 21.44 24.42 OK
r-release-windows-ix86+x86_64 5.0-3 6.00 30.00 36.00 NOTE
r-release-osx-x86_64 5.0-3 NOTE
r-oldrel-windows-ix86+x86_64 5.0-3 6.00 26.00 32.00 NOTE
r-oldrel-osx-x86_64 5.0-3 NOTE

Check Details

Version: 5.0-3
Check: installed package size
Result: NOTE
     installed size is 10.9Mb
     sub-directories of 1Mb or more:
     java 10.8Mb
Flavors: r-devel-linux-x86_64-fedora-clang, r-devel-linux-x86_64-fedora-gcc, r-devel-windows-ix86+x86_64, r-patched-solaris-x86, r-release-windows-ix86+x86_64, r-release-osx-x86_64, r-oldrel-windows-ix86+x86_64, r-oldrel-osx-x86_64