CRAN Package Check Results for Package RKEAjars

Last updated on 2018-07-17 22:50:53 CEST.

Flavor Version Tinstall Tcheck Ttotal Status Flags
r-devel-linux-x86_64-debian-clang 5.0-3 3.41 27.32 30.73 OK
r-devel-linux-x86_64-debian-gcc 5.0-3 2.45 21.23 23.68 OK
r-devel-linux-x86_64-fedora-clang 5.0-3 30.87 NOTE
r-devel-linux-x86_64-fedora-gcc 5.0-3 29.94 OK
r-devel-windows-ix86+x86_64 5.0-3 7.00 34.00 41.00 NOTE
r-patched-linux-x86_64 5.0-3 3.18 22.96 26.14 OK
r-patched-solaris-x86 5.0-3 39.40 NOTE
r-release-linux-x86_64 5.0-3 2.61 23.42 26.03 OK
r-release-windows-ix86+x86_64 5.0-3 6.00 31.00 37.00 NOTE
r-release-osx-x86_64 5.0-3 NOTE
r-oldrel-windows-ix86+x86_64 5.0-3 8.00 38.00 46.00 NOTE
r-oldrel-osx-x86_64 5.0-3 NOTE

Check Details

Version: 5.0-3
Check: installed package size
Result: NOTE
     installed size is 10.9Mb
     sub-directories of 1Mb or more:
     java 10.8Mb
Flavors: r-devel-linux-x86_64-fedora-clang, r-devel-windows-ix86+x86_64, r-patched-solaris-x86, r-release-windows-ix86+x86_64, r-release-osx-x86_64, r-oldrel-windows-ix86+x86_64, r-oldrel-osx-x86_64