CRAN Package Check Results for Package RKEEL

Last updated on 2019-08-24 22:46:36 CEST.

Flavor Version Tinstall Tcheck Ttotal Status Flags
r-devel-linux-x86_64-debian-clang 1.3.1 91.52 106.72 198.24 OK
r-devel-linux-x86_64-debian-gcc 1.3.1 76.07 83.55 159.62 OK
r-devel-linux-x86_64-fedora-clang 1.3.1 251.31 NOTE
r-devel-linux-x86_64-fedora-gcc 1.3.1 245.56 NOTE
r-devel-windows-ix86+x86_64 1.3.1 85.00 124.00 209.00 OK
r-patched-linux-x86_64 1.3.1 80.59 106.34 186.93 OK
r-release-linux-x86_64 1.3.1 86.83 104.82 191.65 OK
r-release-windows-ix86+x86_64 1.3.1 139.00 157.00 296.00 OK
r-release-osx-x86_64 1.3.1 NOTE
r-oldrel-windows-ix86+x86_64 1.3.1 134.00 126.00 260.00 OK
r-oldrel-osx-x86_64 1.3.1 NOTE

Check Details

Version: 1.3.1
Check: dependencies in R code
Result: NOTE
    Namespaces in Imports field not imported from:
     ‘Matrix’ ‘arules’ ‘pmml’ ‘rJava’
     All declared Imports should be used.
Flavors: r-devel-linux-x86_64-fedora-clang, r-devel-linux-x86_64-fedora-gcc, r-release-osx-x86_64, r-oldrel-osx-x86_64