CRAN Package Check Results for Package RKEEL

Last updated on 2020-01-17 22:51:04 CET.

Flavor Version Tinstall Tcheck Ttotal Status Flags
r-devel-linux-x86_64-debian-clang 1.3.1 97.35 111.21 208.56 OK
r-devel-linux-x86_64-debian-gcc 1.3.1 81.92 85.03 166.95 OK
r-devel-linux-x86_64-fedora-clang 1.3.1 292.08 NOTE
r-devel-linux-x86_64-fedora-gcc 1.3.1 287.18 NOTE
r-devel-windows-ix86+x86_64 1.3.1 169.00 160.00 329.00 OK
r-devel-windows-ix86+x86_64-gcc8 1.3.1 113.00 169.00 282.00 OK
r-patched-linux-x86_64 1.3.1 82.87 103.56 186.43 OK
r-release-linux-x86_64 1.3.1 82.12 103.74 185.86 OK
r-release-windows-ix86+x86_64 1.3.1 145.00 124.00 269.00 OK
r-release-osx-x86_64 1.3.1 NOTE
r-oldrel-windows-ix86+x86_64 1.3.1 131.00 105.00 236.00 OK
r-oldrel-osx-x86_64 1.3.1 NOTE

Check Details

Version: 1.3.1
Check: dependencies in R code
Result: NOTE
    Namespaces in Imports field not imported from:
     ‘Matrix’ ‘arules’ ‘pmml’ ‘rJava’
     All declared Imports should be used.
Flavors: r-devel-linux-x86_64-fedora-clang, r-devel-linux-x86_64-fedora-gcc, r-release-osx-x86_64, r-oldrel-osx-x86_64