CRAN Package Check Results for Package RLRsim

Last updated on 2020-02-24 22:50:36 CET.

Flavor Version Tinstall Tcheck Ttotal Status Flags
r-devel-linux-x86_64-debian-clang 3.1-3 23.90 68.19 92.09 OK
r-devel-linux-x86_64-debian-gcc 3.1-3 16.55 52.74 69.29 OK
r-devel-linux-x86_64-fedora-clang 3.1-3 113.37 NOTE
r-devel-linux-x86_64-fedora-gcc 3.1-3 110.64 NOTE
r-devel-windows-ix86+x86_64 3.1-3 45.00 106.00 151.00 OK
r-devel-windows-ix86+x86_64-gcc8 3.1-3 71.00 149.00 220.00 OK
r-patched-linux-x86_64 3.1-3 17.55 58.77 76.32 OK
r-patched-solaris-x86 3.1-3 137.40 OK
r-release-linux-x86_64 3.1-3 21.24 59.18 80.42 OK
r-release-windows-ix86+x86_64 3.1-3 42.00 92.00 134.00 OK
r-release-osx-x86_64 3.1-3 OK
r-oldrel-windows-ix86+x86_64 3.1-3 38.00 99.00 137.00 OK
r-oldrel-osx-x86_64 3.1-3 OK

Check Details

Version: 3.1-3
Check: compiled code
Result: NOTE
    File ‘RLRsim/libs/RLRsim.so’:
     Found no calls to: ‘R_registerRoutines’, ‘R_useDynamicSymbols’
    
    It is good practice to register native routines and to disable symbol
    search.
    
    See ‘Writing portable packages’ in the ‘Writing R Extensions’ manual.
Flavors: r-devel-linux-x86_64-fedora-clang, r-devel-linux-x86_64-fedora-gcc