Last updated on 2021-03-03 22:51:26 CET.
Flavor | Version | Tinstall | Tcheck | Ttotal | Status | Flags |
---|---|---|---|---|---|---|
r-devel-linux-x86_64-debian-clang | 0.2.2 | 9.91 | 90.36 | 100.27 | OK | |
r-devel-linux-x86_64-debian-gcc | 0.2.2 | 8.54 | 67.78 | 76.32 | OK | |
r-devel-linux-x86_64-fedora-clang | 0.2.2 | 127.44 | NOTE | |||
r-devel-linux-x86_64-fedora-gcc | 0.2.2 | 115.17 | NOTE | |||
r-devel-windows-ix86+x86_64 | 0.2.2 | 25.00 | 106.00 | 131.00 | OK | |
r-patched-linux-x86_64 | 0.2.2 | 8.77 | 83.52 | 92.29 | OK | |
r-patched-solaris-x86 | 0.2.2 | 171.40 | NOTE | |||
r-release-linux-x86_64 | 0.2.2 | 10.35 | 83.47 | 93.82 | OK | |
r-release-macos-x86_64 | 0.2.2 | NOTE | ||||
r-release-windows-ix86+x86_64 | 0.2.2 | 19.00 | 76.00 | 95.00 | OK | |
r-oldrel-macos-x86_64 | 0.2.2 | NOTE | ||||
r-oldrel-windows-ix86+x86_64 | 0.2.2 | 22.00 | 99.00 | 121.00 | OK |
Version: 0.2.2
Check: dependencies in R code
Result: NOTE
Namespaces in Imports field not imported from:
‘RCarb’ ‘rmarkdown’ ‘shinyjs’
All declared Imports should be used.
Flavors: r-devel-linux-x86_64-fedora-clang, r-devel-linux-x86_64-fedora-gcc, r-patched-solaris-x86, r-release-macos-x86_64, r-oldrel-macos-x86_64