Last updated on 2024-04-22 23:10:02 CEST.
Flavor | Version | Tinstall | Tcheck | Ttotal | Status | Flags |
---|---|---|---|---|---|---|
r-devel-linux-x86_64-debian-clang | 0.9.9 | 4.57 | 58.31 | 62.88 | NOTE | |
r-devel-linux-x86_64-debian-gcc | 0.9.9 | 3.57 | 42.89 | 46.46 | NOTE | |
r-devel-linux-x86_64-fedora-clang | 0.9.9 | 79.97 | NOTE | |||
r-devel-linux-x86_64-fedora-gcc | 0.9.9 | 84.47 | NOTE | |||
r-prerel-macos-arm64 | 0.9.9 | 32.00 | NOTE | |||
r-prerel-windows-x86_64 | 0.9.9 | 5.00 | 63.00 | 68.00 | NOTE | |
r-patched-linux-x86_64 | 0.9.9 | 5.44 | 54.27 | 59.71 | NOTE | |
r-release-linux-x86_64 | 0.9.9 | 3.18 | 53.00 | 56.18 | NOTE | |
r-release-macos-arm64 | 0.9.9 | 33.00 | NOTE | |||
r-release-macos-x86_64 | 0.9.9 | 45.00 | NOTE | |||
r-release-windows-x86_64 | 0.9.9 | 6.00 | 63.00 | 69.00 | NOTE | |
r-oldrel-macos-arm64 | 0.9.9 | 27.00 | OK | |||
r-oldrel-windows-x86_64 | 0.9.9 | 6.00 | 69.00 | 75.00 | OK |
Version: 0.9.9
Check: package subdirectories
Result: NOTE
Problems with news in ‘NEWS.md’:
No news entries found.
Flavors: r-devel-linux-x86_64-debian-clang, r-devel-linux-x86_64-debian-gcc, r-devel-linux-x86_64-fedora-clang, r-devel-linux-x86_64-fedora-gcc, r-prerel-macos-arm64, r-prerel-windows-x86_64, r-patched-linux-x86_64, r-release-linux-x86_64, r-release-macos-arm64, r-release-macos-x86_64, r-release-windows-x86_64