CRAN Package Check Results for Package RMariaDB

Last updated on 2019-09-20 22:50:12 CEST.

Flavor Version Tinstall Tcheck Ttotal Status Flags
r-devel-linux-x86_64-debian-clang 1.0.6 82.03 36.71 118.74 WARN
r-devel-linux-x86_64-debian-gcc 1.0.6 63.55 28.78 92.33 WARN
r-devel-linux-x86_64-fedora-clang 1.0.6 195.07 WARN
r-devel-linux-x86_64-fedora-gcc 1.0.6 170.05 WARN
r-devel-windows-ix86+x86_64 1.0.6 526.00 162.00 688.00 NOTE
r-patched-linux-x86_64 1.0.6 70.21 35.51 105.72 WARN
r-patched-solaris-x86 1.0.6 172.70 OK
r-release-linux-x86_64 1.0.6 73.65 35.96 109.61 WARN
r-release-windows-ix86+x86_64 1.0.6 372.00 145.00 517.00 NOTE
r-release-osx-x86_64 1.0.6 NOTE
r-oldrel-windows-ix86+x86_64 1.0.6 353.00 144.00 497.00 NOTE
r-oldrel-osx-x86_64 1.0.6 OK

Check Details

Version: 1.0.6
Check: whether package can be installed
Result: WARN
    Found the following significant warnings:
     DbResult.cpp:19:8: warning: 'auto_ptr<DbResult>' is deprecated [-Wdeprecated-declarations]
     connection.cpp:23:8: warning: 'auto_ptr<DbConnection>' is deprecated [-Wdeprecated-declarations]
Flavors: r-devel-linux-x86_64-debian-clang, r-devel-linux-x86_64-fedora-clang

Version: 1.0.6
Check: whether package can be installed
Result: WARN
    Found the following significant warnings:
     DbResult.cpp:19:8: warning: ‘template<class> class std::auto_ptr’ is deprecated [-Wdeprecated-declarations]
     DbResult.cpp:81:41: warning: catching polymorphic type ‘class MariaResultPrep::UnsupportedPS’ by value [-Wcatch-value=]
     connection.cpp:23:8: warning: ‘template<class> class std::auto_ptr’ is deprecated [-Wdeprecated-declarations]
Flavors: r-devel-linux-x86_64-debian-gcc, r-devel-linux-x86_64-fedora-gcc

Version: 1.0.6
Check: installed package size
Result: NOTE
     installed size is 6.5Mb
     sub-directories of 1Mb or more:
     libs 6.2Mb
Flavors: r-devel-windows-ix86+x86_64, r-release-windows-ix86+x86_64, r-release-osx-x86_64, r-oldrel-windows-ix86+x86_64

Version: 1.0.6
Check: whether package can be installed
Result: WARN
    Found the following significant warnings:
     DbResult.cpp:81:41: warning: catching polymorphic type ‘class MariaResultPrep::UnsupportedPS’ by value [-Wcatch-value=]
Flavors: r-patched-linux-x86_64, r-release-linux-x86_64