Last updated on 2024-04-18 22:52:57 CEST.
Flavor | Version | Tinstall | Tcheck | Ttotal | Status | Flags |
---|---|---|---|---|---|---|
r-devel-linux-x86_64-debian-clang | 4.0.11 | 401.06 | 158.79 | 559.85 | OK | |
r-devel-linux-x86_64-debian-gcc | 4.0.11 | 312.04 | 120.42 | 432.46 | OK | |
r-devel-linux-x86_64-fedora-clang | 4.0.11 | 774.17 | OK | |||
r-devel-linux-x86_64-fedora-gcc | 4.0.11 | 801.41 | OK | |||
r-prerel-macos-arm64 | 4.0.11 | 153.00 | NOTE | |||
r-prerel-windows-x86_64 | 4.0.11 | 301.00 | 228.00 | 529.00 | OK | |
r-patched-linux-x86_64 | 4.0.11 | 393.91 | 156.27 | 550.18 | OK | |
r-release-linux-x86_64 | 4.0.11 | 400.79 | 154.93 | 555.72 | OK | |
r-release-macos-arm64 | 4.0.11 | 135.00 | NOTE | |||
r-release-macos-x86_64 | 4.0.11 | 226.00 | NOTE | |||
r-release-windows-x86_64 | 4.0.11 | 358.00 | 232.00 | 590.00 | OK | |
r-oldrel-macos-arm64 | 4.0.11 | 149.00 | NOTE | |||
r-oldrel-windows-x86_64 | 4.0.11 | 351.00 | 224.00 | 575.00 | OK |
Version: 4.0.11
Check: installed package size
Result: NOTE
installed size is 30.5Mb
sub-directories of 1Mb or more:
libs 30.3Mb
Flavors: r-prerel-macos-arm64, r-release-macos-arm64, r-release-macos-x86_64, r-oldrel-macos-arm64